CRAN Package Check Results for Package RapidoPGS

Last updated on 2024-02-26 12:54:34 CET.

Flavor Version Tinstall Tcheck Ttotal Status Flags
r-devel-linux-x86_64-debian-clang 2.3.0 28.62 260.13 288.75 OK
r-devel-linux-x86_64-debian-gcc 2.3.0 24.59 194.93 219.52 OK
r-devel-linux-x86_64-fedora-clang 2.3.0 357.71 OK
r-devel-linux-x86_64-fedora-gcc 2.3.0 348.75 OK
r-devel-windows-x86_64 2.3.0 26.00 182.00 208.00 OK
r-patched-linux-x86_64 2.3.0 22.67 246.32 268.99 OK
r-release-linux-x86_64 2.3.0 19.66 244.12 263.78 OK
r-release-macos-arm64 2.3.0 10.00 ERROR
r-release-macos-x86_64 2.3.0 6.00 ERROR
r-release-windows-x86_64 2.3.0 34.00 221.00 255.00 OK
r-oldrel-macos-arm64 2.2.0 89.00 OK
r-oldrel-windows-x86_64 2.2.0 34.00 236.00 270.00 OK

Check Details

Version: 2.3.0
Check: package dependencies
Result: ERROR Packages required and available but unsuitable versions: 'GenomicRanges', 'IRanges' See section ‘The DESCRIPTION file’ in the ‘Writing R Extensions’ manual. Flavors: r-release-macos-arm64, r-release-macos-x86_64