Last updated on 2023-09-24 12:28:27 CEST.
Flavor | Version | Tinstall | Tcheck | Ttotal | Status | Flags |
---|---|---|---|---|---|---|
r-devel-linux-x86_64-debian-clang | 0.98.0 | 73.58 | 71.12 | 144.70 | OK | |
r-devel-linux-x86_64-debian-gcc | 0.98.0 | 53.20 | 57.67 | 110.87 | OK | |
r-devel-linux-x86_64-fedora-clang | 0.98.0 | 197.89 | OK | |||
r-devel-linux-x86_64-fedora-gcc | 0.98.0 | 221.43 | OK | |||
r-devel-windows-x86_64 | 0.98.0 | 58.00 | 147.00 | 205.00 | OK | |
r-patched-linux-x86_64 | 0.98.0 | 61.89 | 71.23 | 133.12 | OK | |
r-release-linux-x86_64 | 0.98.0 | 67.88 | 71.85 | 139.73 | OK | |
r-release-macos-arm64 | 0.98.0 | 77.00 | NOTE | |||
r-release-macos-x86_64 | 0.98.0 | 173.00 | NOTE | |||
r-release-windows-x86_64 | 0.98.0 | 73.00 | 149.00 | 222.00 | OK | |
r-oldrel-macos-arm64 | 0.98.0 | 69.00 | NOTE | |||
r-oldrel-macos-x86_64 | 0.98.0 | 82.00 | NOTE | |||
r-oldrel-windows-x86_64 | 0.98.0 | 66.00 | 141.00 | 207.00 | OK |
Version: 0.98.0
Check: installed package size
Result: NOTE
installed size is 5.4Mb
sub-directories of 1Mb or more:
libs 4.8Mb
Flavors: r-release-macos-arm64, r-release-macos-x86_64, r-oldrel-macos-arm64, r-oldrel-macos-x86_64