Last updated on 2024-04-18 12:52:56 CEST.
Flavor | Version | Tinstall | Tcheck | Ttotal | Status | Flags |
---|---|---|---|---|---|---|
r-devel-linux-x86_64-debian-clang | 1.0.0 | 3.13 | 40.93 | 44.06 | OK | |
r-devel-linux-x86_64-debian-gcc | 1.0.0 | 2.37 | 30.09 | 32.46 | OK | |
r-devel-linux-x86_64-fedora-clang | 1.0.0 | 54.91 | NOTE | |||
r-devel-linux-x86_64-fedora-gcc | 1.0.0 | 52.47 | NOTE | |||
r-prerel-macos-arm64 | 1.0.0 | 20.00 | OK | |||
r-prerel-windows-x86_64 | 1.0.0 | 4.00 | 54.00 | 58.00 | OK | |
r-patched-linux-x86_64 | 1.0.0 | 3.71 | 39.38 | 43.09 | OK | |
r-release-linux-x86_64 | 1.0.0 | 3.03 | 38.32 | 41.35 | OK | |
r-release-macos-arm64 | 1.0.0 | 20.00 | OK | |||
r-release-macos-x86_64 | 1.0.0 | 43.00 | OK | |||
r-release-windows-x86_64 | 1.0.0 | 5.00 | 57.00 | 62.00 | OK | |
r-oldrel-macos-arm64 | 1.0.0 | 21.00 | OK | |||
r-oldrel-windows-x86_64 | 1.0.0 | 5.00 | 58.00 | 63.00 | OK |
Version: 1.0.0
Check: data for non-ASCII characters
Result: NOTE
Note: found 15 marked UTF-8 strings
Flavors: r-devel-linux-x86_64-fedora-clang, r-devel-linux-x86_64-fedora-gcc