Last updated on 2025-04-29 12:52:46 CEST.
Flavor | Version | Tinstall | Tcheck | Ttotal | Status | Flags |
---|---|---|---|---|---|---|
r-devel-linux-x86_64-debian-clang | 1.0.0 | 2.59 | 26.58 | 29.17 | NOTE | |
r-devel-linux-x86_64-debian-gcc | 1.0.0 | 1.79 | 19.71 | 21.50 | NOTE | |
r-devel-linux-x86_64-fedora-clang | 1.0.0 | 44.82 | OK | |||
r-devel-linux-x86_64-fedora-gcc | 1.0.0 | 42.83 | OK | |||
r-devel-windows-x86_64 | 1.0.0 | 3.00 | 47.00 | 50.00 | OK | |
r-patched-linux-x86_64 | 1.0.0 | 2.40 | 25.68 | 28.08 | OK | |
r-release-linux-x86_64 | 1.0.0 | 2.59 | 25.21 | 27.80 | OK | |
r-release-macos-arm64 | 1.0.0 | 18.00 | OK | |||
r-release-macos-x86_64 | 1.0.0 | 29.00 | OK | |||
r-release-windows-x86_64 | 1.0.0 | 4.00 | 53.00 | 57.00 | OK | |
r-oldrel-macos-arm64 | 1.0.0 | 17.00 | OK | |||
r-oldrel-macos-x86_64 | 1.0.0 | 25.00 | OK | |||
r-oldrel-windows-x86_64 | 1.0.0 | 3.00 | 46.00 | 49.00 | OK |
Version: 1.0.0
Check: CRAN incoming feasibility
Result: NOTE
Maintainer: ‘Dione Pereira Cardoso <cardoso.dione@gmail.com>’
No Authors@R field in DESCRIPTION.
Please add one, modifying
Authors@R: c(person(given = c("Dione", "Pereira"),
family = "Cardoso",
role = c("aut", "cre"),
email = "cardoso.dione@gmail.com"),
person(given = c("Edilson", "Marcelino"),
family = "Silva",
role = "aut"),
person(given = c("Paulo", "Cesar"),
family = "Ossani",
role = "aut"),
person(given = c("Marx", "Leandro", "Naves"),
family = "Silva",
role = "ctb"),
person(given = c("Joel", "Augusto"),
family = "Muniz",
role = "ctb"),
person(given = c("Daniel", "Furtado"),
family = "Ferreira",
role = "ctb"),
person(given = c("Junior", "Cesar"),
family = "Avanzi",
role = "ctb"))
as necessary.
Found the following \keyword or \concept entries
which likely give several index terms:
File ‘RFactor.Rd’:
\keyword{
Erosivity index; R-Factor; Universal S [TRUNCATED]
File ‘RainFallExample.Rd’:
\keyword{
Erosivity index; R-Factor; Universal [TRUNCATED]
File ‘RainfallErosivityFactor.Rd’:
\keyword{
Erosivity index; R-Factor; Universal S [TRUNCATED]
Flavors: r-devel-linux-x86_64-debian-clang, r-devel-linux-x86_64-debian-gcc
Version: 1.0.0
Check: examples
Result: NOTE
Examples with CPU (user + system) or elapsed time > 5s
user system elapsed
RFactor 3.721 0.035 5.640
RainfallErosivityFactor 3.752 0.003 5.026
Flavor: r-devel-linux-x86_64-debian-clang