Last updated on 2025-05-07 11:55:39 CEST.
Flavor | Version | Tinstall | Tcheck | Ttotal | Status | Flags |
---|---|---|---|---|---|---|
r-devel-linux-x86_64-debian-clang | 0.2.0 | 2.80 | 23.91 | 26.71 | OK | |
r-devel-linux-x86_64-debian-gcc | 0.2.0 | 2.15 | 19.43 | 21.58 | OK | |
r-devel-linux-x86_64-fedora-clang | 0.2.0 | 39.76 | NOTE | |||
r-devel-linux-x86_64-fedora-gcc | 0.2.0 | 38.92 | NOTE | |||
r-devel-windows-x86_64 | 0.2.0 | 4.00 | 42.00 | 46.00 | OK | |
r-patched-linux-x86_64 | 0.2.0 | 2.83 | 21.78 | 24.61 | OK | |
r-release-linux-x86_64 | 0.2.0 | 2.81 | 22.16 | 24.97 | OK | |
r-release-macos-arm64 | 0.2.0 | 19.00 | OK | |||
r-release-macos-x86_64 | 0.2.0 | 42.00 | OK | |||
r-release-windows-x86_64 | 0.2.0 | 4.00 | 43.00 | 47.00 | OK | |
r-oldrel-macos-arm64 | 0.2.0 | 18.00 | OK | |||
r-oldrel-macos-x86_64 | 0.2.0 | 37.00 | OK | |||
r-oldrel-windows-x86_64 | 0.2.0 | 5.00 | 48.00 | 53.00 | OK |
Version: 0.2.0
Check: dependencies in R code
Result: NOTE
Namespace in Imports field not imported from: ‘knitr’
All declared Imports should be used.
Flavors: r-devel-linux-x86_64-fedora-clang, r-devel-linux-x86_64-fedora-gcc