Last updated on 2025-05-07 11:55:39 CEST.
Flavor | Version | Tinstall | Tcheck | Ttotal | Status | Flags |
---|---|---|---|---|---|---|
r-devel-linux-x86_64-debian-clang | 1.0.2 | 9.74 | 21.43 | 31.17 | OK | |
r-devel-linux-x86_64-debian-gcc | 1.0.2 | 7.27 | 16.98 | 24.25 | OK | |
r-devel-linux-x86_64-fedora-clang | 1.0.2 | 45.10 | OK | |||
r-devel-linux-x86_64-fedora-gcc | 1.0.2 | 45.28 | OK | |||
r-devel-windows-x86_64 | 1.0.2 | 9.00 | 39.00 | 48.00 | OK | |
r-patched-linux-x86_64 | 1.0.2 | 9.34 | 19.87 | 29.21 | OK | |
r-release-linux-x86_64 | 1.0.2 | 9.53 | 19.72 | 29.25 | OK | |
r-release-macos-arm64 | 1.0.2 | 19.00 | OK | |||
r-release-macos-x86_64 | 1.0.2 | 39.00 | OK | |||
r-release-windows-x86_64 | 1.0.2 | 10.00 | 41.00 | 51.00 | OK | |
r-oldrel-macos-arm64 | 1.0.2 | 22.00 | NOTE | |||
r-oldrel-macos-x86_64 | 1.0.2 | 35.00 | NOTE | |||
r-oldrel-windows-x86_64 | 1.0.2 | 12.00 | 44.00 | 56.00 | OK |
Version: 1.0.2
Check: installed package size
Result: NOTE
installed size is 5.4Mb
sub-directories of 1Mb or more:
data 5.2Mb
Flavors: r-oldrel-macos-arm64, r-oldrel-macos-x86_64