CRAN Package Check Results for Package Racmacs

Last updated on 2024-04-17 10:41:47 CEST.

Flavor Version Tinstall Tcheck Ttotal Status Flags
r-devel-linux-x86_64-debian-clang 1.2.9 570.97 688.73 1259.70 OK
r-devel-linux-x86_64-debian-gcc 1.2.9 423.49 522.80 946.29 OK
r-devel-linux-x86_64-fedora-clang 1.2.9 1754.19 NOTE
r-devel-linux-x86_64-fedora-gcc 1.2.9 1714.67 OK
r-prerel-macos-arm64 1.2.9 399.00 NOTE
r-prerel-windows-x86_64 1.2.9 418.00 600.00 1018.00 NOTE
r-patched-linux-x86_64 1.2.9 549.30 648.50 1197.80 OK
r-release-linux-x86_64 1.2.9 550.78 672.57 1223.35 OK
r-release-macos-arm64 1.2.9 422.00 NOTE
r-release-macos-x86_64 1.2.9 333.00 NOTE
r-release-windows-x86_64 1.2.9 526.00 847.00 1373.00 NOTE
r-oldrel-macos-arm64 1.2.9 414.00 NOTE
r-oldrel-windows-x86_64 1.2.9 494.00 749.00 1243.00 NOTE

Check Details

Version: 1.2.9
Check: installed package size
Result: NOTE installed size is 10.8Mb sub-directories of 1Mb or more: doc 5.3Mb htmlwidgets 1.8Mb libs 1.5Mb Flavors: r-devel-linux-x86_64-fedora-clang, r-prerel-macos-arm64, r-prerel-windows-x86_64, r-release-macos-arm64, r-release-macos-x86_64, r-release-windows-x86_64, r-oldrel-macos-arm64, r-oldrel-windows-x86_64