Last updated on 2024-03-18 10:55:06 CET.
Flavor | Version | Tinstall | Tcheck | Ttotal | Status | Flags |
---|---|---|---|---|---|---|
r-devel-linux-x86_64-debian-clang | 0.3.4 | 54.86 | 390.05 | 444.91 | OK | |
r-devel-linux-x86_64-debian-gcc | 0.3.4 | 42.46 | 284.05 | 326.51 | OK | |
r-devel-linux-x86_64-fedora-clang | 0.3.4 | 564.91 | NOTE | |||
r-devel-linux-x86_64-fedora-gcc | 0.3.4 | 575.81 | OK | |||
r-devel-windows-x86_64 | 0.3.4 | 43.00 | 445.00 | 488.00 | NOTE | |
r-patched-linux-x86_64 | 0.3.4 | 54.71 | 390.39 | 445.10 | OK | |
r-release-linux-x86_64 | 0.3.4 | 36.29 | 392.95 | 429.24 | OK | |
r-release-macos-arm64 | 0.3.4 | 176.00 | NOTE | |||
r-release-macos-x86_64 | 0.3.4 | 403.00 | NOTE | |||
r-release-windows-x86_64 | 0.3.4 | 58.00 | 555.00 | 613.00 | NOTE | |
r-oldrel-macos-arm64 | 0.3.4 | 188.00 | NOTE | |||
r-oldrel-windows-x86_64 | 0.3.4 | 58.00 | 508.00 | 566.00 | NOTE |
Version: 0.3.4
Check: package dependencies
Result: NOTE
Imports includes 25 non-default packages.
Importing from so many packages makes the package vulnerable to any of
them becoming unavailable. Move as many as possible to Suggests and
use conditionally.
Flavor: r-devel-linux-x86_64-fedora-clang
Version: 0.3.4
Check: installed package size
Result: NOTE
installed size is 9.7Mb
sub-directories of 1Mb or more:
data 2.0Mb
doc 6.7Mb
Flavors: r-devel-linux-x86_64-fedora-clang, r-devel-windows-x86_64, r-release-macos-arm64, r-release-macos-x86_64, r-release-windows-x86_64, r-oldrel-macos-arm64, r-oldrel-windows-x86_64
Version: 0.3.4
Check: package dependencies
Result: NOTE
Packages suggested but not available for checking: 'batchelor', 'slingshot'
Flavors: r-release-macos-arm64, r-release-macos-x86_64
Version: 0.3.4
Check: package dependencies
Result: NOTE
Package suggested but not available for checking: ‘slingshot’
Flavor: r-oldrel-macos-arm64