CRAN Package Check Results for Package RZigZag

Last updated on 2022-06-29 11:52:21 CEST.

Flavor Version Tinstall Tcheck Ttotal Status Flags
r-devel-linux-x86_64-debian-clang 0.2.1 103.88 28.44 132.32 OK
r-devel-linux-x86_64-debian-gcc 0.2.1 70.83 23.12 93.95 OK
r-devel-linux-x86_64-fedora-clang 0.2.1 208.42 NOTE
r-devel-linux-x86_64-fedora-gcc 0.2.1 186.30 OK
r-devel-windows-x86_64 0.2.1 87.00 76.00 163.00 OK
r-patched-linux-x86_64 0.2.1 86.39 28.55 114.94 OK
r-release-linux-x86_64 0.2.1 77.99 29.23 107.22 OK
r-release-macos-arm64 0.2.1 48.00 NOTE
r-release-macos-x86_64 0.2.1 60.00 NOTE
r-release-windows-x86_64 0.2.1 83.00 78.00 161.00 OK
r-oldrel-macos-arm64 0.2.1 54.00 NOTE
r-oldrel-macos-x86_64 0.2.1 85.00 NOTE
r-oldrel-windows-ix86+x86_64 0.2.1 247.00 79.00 326.00 OK

Check Details

Version: 0.2.1
Check: installed package size
Result: NOTE
     installed size is 13.3Mb
     sub-directories of 1Mb or more:
     libs 13.1Mb
Flavors: r-devel-linux-x86_64-fedora-clang, r-release-macos-arm64, r-release-macos-x86_64, r-oldrel-macos-arm64, r-oldrel-macos-x86_64