Last updated on 2023-11-28 13:51:08 CET.
Flavor | Version | Tinstall | Tcheck | Ttotal | Status | Flags |
---|---|---|---|---|---|---|
r-devel-linux-x86_64-debian-clang | 5.0.5 | 9.80 | 76.88 | 86.68 | NOTE | |
r-devel-linux-x86_64-debian-gcc | 5.0.5 | 7.02 | 57.83 | 64.85 | NOTE | |
r-devel-linux-x86_64-fedora-clang | 5.0.5 | 105.50 | OK | |||
r-devel-linux-x86_64-fedora-gcc | 5.0.5 | 115.76 | OK | |||
r-devel-windows-x86_64 | 5.0.5 | 9.00 | 85.00 | 94.00 | OK | |
r-patched-linux-x86_64 | 5.0.5 | 6.27 | 73.56 | 79.83 | OK | |
r-release-linux-x86_64 | 5.0.5 | 5.24 | 73.17 | 78.41 | OK | |
r-release-macos-arm64 | 5.0.5 | 58.00 | OK | |||
r-release-macos-x86_64 | 5.0.5 | 73.00 | NOTE | |||
r-release-windows-x86_64 | 5.0.5 | 12.00 | 94.00 | 106.00 | OK | |
r-oldrel-macos-arm64 | 5.0.5 | 44.00 | OK | |||
r-oldrel-macos-x86_64 | 5.0.5 | 58.00 | OK | |||
r-oldrel-windows-x86_64 | 5.0.5 | 12.00 | 93.00 | 105.00 | OK |
Version: 5.0.5
Check: Rd files
Result: NOTE
checkRd: (-1) s_crandb_tvdb.Rd:63: Lost braces in \itemize; \value handles \item{}{} directly
checkRd: (-1) s_crandb_tvdb.Rd:64: Lost braces in \itemize; \value handles \item{}{} directly
checkRd: (-1) s_crandb_tvdb.Rd:65: Lost braces in \itemize; \value handles \item{}{} directly
checkRd: (-1) s_crandb_tvdb.Rd:66: Lost braces in \itemize; \value handles \item{}{} directly
checkRd: (-1) s_crandb_tvdb.Rd:67: Lost braces in \itemize; \value handles \item{}{} directly
checkRd: (-1) s_crandb_tvdb.Rd:68: Lost braces in \itemize; \value handles \item{}{} directly
checkRd: (-1) s_crandb_tvdb.Rd:69: Lost braces in \itemize; \value handles \item{}{} directly
Flavors: r-devel-linux-x86_64-debian-clang, r-devel-linux-x86_64-debian-gcc
Version: 5.0.5
Check: package dependencies
Result: NOTE
Package suggested but not available for checking: ‘cranly’
Flavor: r-release-macos-x86_64