Last updated on 2024-04-24 11:21:03 CEST.
Flavor | Version | Tinstall | Tcheck | Ttotal | Status | Flags |
---|---|---|---|---|---|---|
r-devel-linux-x86_64-debian-clang | 0.9.3 | 11.61 | 123.77 | 135.38 | OK | |
r-devel-linux-x86_64-debian-gcc | 0.9.3 | 9.68 | 89.39 | 99.07 | OK | |
r-devel-linux-x86_64-fedora-clang | 0.9.3 | 176.60 | NOTE | |||
r-devel-linux-x86_64-fedora-gcc | 0.9.3 | 179.83 | NOTE | |||
r-devel-windows-x86_64 | 0.9.3 | 12.00 | 104.00 | 116.00 | OK | |
r-patched-linux-x86_64 | 0.9.3 | 9.86 | 113.64 | 123.50 | OK | |
r-release-linux-x86_64 | 0.9.3 | 11.43 | 118.00 | 129.43 | OK | |
r-release-macos-arm64 | 0.9.3 | 57.00 | OK | |||
r-release-windows-x86_64 | 0.9.3 | 13.00 | 102.00 | 115.00 | OK | |
r-oldrel-macos-arm64 | 0.9.3 | 43.00 | NOTE | |||
r-oldrel-macos-x86_64 | 0.9.3 | 85.00 | OK | |||
r-oldrel-windows-x86_64 | 0.9.3 | 16.00 | 129.00 | 145.00 | OK |
Version: 0.9.3
Check: data for non-ASCII characters
Result: NOTE
Note: found 6 marked UTF-8 strings
Flavors: r-devel-linux-x86_64-fedora-clang, r-devel-linux-x86_64-fedora-gcc, r-oldrel-macos-arm64