CRAN Package Check Results for Package RWildbook

Last updated on 2022-07-07 12:55:34 CEST.

Flavor Version Tinstall Tcheck Ttotal Status Flags
r-devel-linux-x86_64-debian-clang 0.9.3 10.99 108.09 119.08 OK
r-devel-linux-x86_64-debian-gcc 0.9.3 9.57 79.97 89.54 OK
r-devel-linux-x86_64-fedora-clang 0.9.3 151.29 NOTE
r-devel-linux-x86_64-fedora-gcc 0.9.3 149.71 NOTE
r-devel-windows-x86_64 0.9.3 25.00 135.00 160.00 OK
r-patched-linux-x86_64 0.9.3 9.52 104.52 114.04 OK
r-release-linux-x86_64 0.9.3 10.32 102.32 112.64 OK
r-release-macos-arm64 0.9.3 43.00 NOTE
r-release-macos-x86_64 0.9.3 76.00 NOTE
r-release-windows-x86_64 0.9.3 39.00 137.00 176.00 OK
r-oldrel-macos-arm64 0.9.3 48.00 NOTE
r-oldrel-macos-x86_64 0.9.3 65.00 NOTE
r-oldrel-windows-ix86+x86_64 0.9.3 25.00 130.00 155.00 OK

Check Details

Version: 0.9.3
Check: data for non-ASCII characters
Result: NOTE
     Note: found 6 marked UTF-8 strings
Flavors: r-devel-linux-x86_64-fedora-clang, r-devel-linux-x86_64-fedora-gcc, r-release-macos-arm64, r-release-macos-x86_64, r-oldrel-macos-arm64, r-oldrel-macos-x86_64