Last updated on 2022-07-01 11:52:10 CEST.
Flavor | Version | Tinstall | Tcheck | Ttotal | Status | Flags |
---|---|---|---|---|---|---|
r-devel-linux-x86_64-debian-clang | 0.0.16 | 248.19 | 30.02 | 278.21 | NOTE | |
r-devel-linux-x86_64-debian-gcc | 0.0.16 | 182.87 | 23.51 | 206.38 | NOTE | |
r-devel-linux-x86_64-fedora-clang | 0.0.16 | 446.02 | NOTE | |||
r-devel-linux-x86_64-fedora-gcc | 0.0.16 | 380.91 | NOTE | |||
r-patched-linux-x86_64 | 0.0.16 | 193.63 | 29.50 | 223.13 | NOTE | |
r-release-linux-x86_64 | 0.0.16 | 198.10 | 29.15 | 227.25 | NOTE | |
r-release-macos-arm64 | 0.0.16 | 8.00 | ERROR | |||
r-release-macos-x86_64 | 0.0.16 | 138.00 | WARN | |||
r-oldrel-macos-arm64 | 0.0.16 | 8.00 | ERROR | |||
r-oldrel-macos-x86_64 | 0.0.16 | 130.00 | WARN |
Version: 0.0.16
Check: whether package can be installed
Result: NOTE
Found the following notes/warnings:
Non-staged installation was used
Flavors: r-devel-linux-x86_64-debian-clang, r-devel-linux-x86_64-debian-gcc, r-devel-linux-x86_64-fedora-clang, r-devel-linux-x86_64-fedora-gcc, r-patched-linux-x86_64, r-release-linux-x86_64
Version: 0.0.16
Check: installed package size
Result: NOTE
installed size is 7.9Mb
sub-directories of 1Mb or more:
libs 3.3Mb
test 4.5Mb
Flavors: r-devel-linux-x86_64-fedora-clang, r-release-macos-x86_64, r-oldrel-macos-x86_64
Version: 0.0.16
Check: whether package can be installed
Result: ERROR
Installation failed.
Flavors: r-release-macos-arm64, r-oldrel-macos-arm64
Version: 0.0.16
Check: whether package can be installed
Result: WARN
Found the following significant warnings:
parser.cc:302:11: warning: 'daemon' is deprecated: first deprecated in macOS 10.5 - Use posix_spawn APIs instead. [-Wdeprecated-declarations]
Found the following additional notes/warnings:
Non-staged installation was used
Flavors: r-release-macos-x86_64, r-oldrel-macos-x86_64