Last updated on 2022-06-27 11:50:54 CEST.
Flavor | Version | Tinstall | Tcheck | Ttotal | Status | Flags |
---|---|---|---|---|---|---|
r-devel-linux-x86_64-debian-clang | 0.1.0 | 2.49 | 30.55 | 33.04 | NOTE | |
r-devel-linux-x86_64-debian-gcc | 0.1.0 | 1.97 | 23.50 | 25.47 | NOTE | |
r-devel-linux-x86_64-fedora-clang | 0.1.0 | 50.88 | NOTE | |||
r-devel-linux-x86_64-fedora-gcc | 0.1.0 | 52.63 | NOTE | |||
r-devel-windows-x86_64 | 0.1.0 | 122.00 | 61.00 | 183.00 | NOTE | |
r-patched-linux-x86_64 | 0.1.0 | 2.60 | 28.73 | 31.33 | NOTE | |
r-release-linux-x86_64 | 0.1.0 | 2.18 | 28.56 | 30.74 | NOTE | |
r-release-macos-arm64 | 0.1.0 | 18.00 | NOTE | |||
r-release-macos-x86_64 | 0.1.0 | 27.00 | NOTE | |||
r-release-windows-x86_64 | 0.1.0 | 116.00 | 60.00 | 176.00 | NOTE | |
r-oldrel-macos-arm64 | 0.1.0 | 24.00 | NOTE | |||
r-oldrel-macos-x86_64 | 0.1.0 | 33.00 | NOTE | |||
r-oldrel-windows-ix86+x86_64 | 0.1.0 | 6.00 | 49.00 | 55.00 | NOTE |
Version: 0.1.0
Check: LazyData
Result: NOTE
'LazyData' is specified without a 'data' directory
Flavors: r-devel-linux-x86_64-debian-clang, r-devel-linux-x86_64-debian-gcc, r-devel-linux-x86_64-fedora-clang, r-devel-linux-x86_64-fedora-gcc, r-devel-windows-x86_64, r-patched-linux-x86_64, r-release-linux-x86_64, r-release-macos-arm64, r-release-macos-x86_64, r-release-windows-x86_64, r-oldrel-macos-arm64, r-oldrel-macos-x86_64, r-oldrel-windows-ix86+x86_64