CRAN Package Check Results for Package RVAideMemoire

Last updated on 2025-01-21 11:48:34 CET.

Flavor Version Tinstall Tcheck Ttotal Status Flags
r-devel-linux-x86_64-debian-clang 0.9-83-7 17.93 109.46 127.39 NOTE
r-devel-linux-x86_64-debian-gcc 0.9-83-7 11.55 71.19 82.74 NOTE
r-devel-linux-x86_64-fedora-clang 0.9-83-7 209.94 OK
r-devel-linux-x86_64-fedora-gcc 0.9-83-7 190.44 OK
r-devel-windows-x86_64 0.9-83-7 20.00 150.00 170.00 NOTE
r-patched-linux-x86_64 0.9-83-7 25.31 104.15 129.46 NOTE
r-release-linux-x86_64 0.9-83-7 16.98 102.89 119.87 NOTE
r-release-macos-arm64 0.9-83-7 50.00 NOTE
r-release-macos-x86_64 0.9-83-7 77.00 NOTE
r-release-windows-x86_64 0.9-83-7 20.00 142.00 162.00 NOTE
r-oldrel-macos-arm64 0.9-83-7 50.00 NOTE
r-oldrel-macos-x86_64 0.9-83-7 149.00 NOTE
r-oldrel-windows-x86_64 0.9-83-7 28.00 176.00 204.00 WARN

Additional issues

noSuggests

Check Details

Version: 0.9-83-7
Check: Rd cross-references
Result: NOTE Found the following Rd file(s) with Rd \link{} targets missing package anchors: GPA.test.Rd: GPA MVA.cor.Rd: GPA MVA.scoreplot.Rd: GPA MVA.scores.Rd: GPA MVA.synt.Rd: GPA Please provide package anchors for all Rd \link{} targets not in the package itself and the base packages. Flavors: r-devel-linux-x86_64-debian-clang, r-devel-linux-x86_64-debian-gcc, r-devel-windows-x86_64

Version: 0.9-83-7
Check: package dependencies
Result: NOTE Package which this enhances but not available for checking: ‘glmmADMB’ Flavors: r-patched-linux-x86_64, r-release-linux-x86_64, r-release-macos-arm64, r-release-macos-x86_64, r-release-windows-x86_64, r-oldrel-macos-arm64, r-oldrel-macos-x86_64, r-oldrel-windows-x86_64

Version: 0.9-83-7
Check: examples
Result: WARN Found the following significant warnings: Warning: 'adonis' is deprecated. Warning: 'adonis' is deprecated. Warning: 'vegan::adonis' is deprecated. Warning: 'vegan::adonis' is deprecated. Warning: 'vegan::adonis' is deprecated. Warning: 'vegan::adonis' is deprecated. Warning: 'vegan::adonis' is deprecated. Warning: 'vegan::adonis' is deprecated. Warning: 'vegan::adonis' is deprecated. Warning: 'vegan::adonis' is deprecated. Warning: 'adonis' is deprecated. Deprecated functions may be defunct as soon as of the next release of R. See ?Deprecated. Flavor: r-oldrel-windows-x86_64