Last updated on 2022-07-03 11:53:48 CEST.
Flavor | Version | Tinstall | Tcheck | Ttotal | Status | Flags |
---|---|---|---|---|---|---|
r-devel-linux-x86_64-debian-clang | 0.4.32 | 4.46 | 38.09 | 42.55 | NOTE | |
r-devel-linux-x86_64-debian-gcc | 0.4.32 | 3.48 | 29.45 | 32.93 | NOTE | |
r-devel-linux-x86_64-fedora-clang | 0.4.32 | 61.58 | NOTE | |||
r-devel-linux-x86_64-fedora-gcc | 0.4.32 | 65.11 | NOTE | |||
r-devel-windows-x86_64 | 0.4.32 | 24.00 | 79.00 | 103.00 | NOTE | |
r-patched-linux-x86_64 | 0.4.32 | 4.64 | 37.01 | 41.65 | NOTE | |
r-release-linux-x86_64 | 0.4.32 | 4.54 | 36.70 | 41.24 | NOTE | |
r-release-macos-arm64 | 0.4.32 | 22.00 | OK | |||
r-release-macos-x86_64 | 0.4.32 | 32.00 | OK | |||
r-release-windows-x86_64 | 0.4.32 | 28.00 | 77.00 | 105.00 | OK | |
r-oldrel-macos-arm64 | 0.4.32 | 27.00 | OK | |||
r-oldrel-macos-x86_64 | 0.4.32 | 39.00 | OK | |||
r-oldrel-windows-ix86+x86_64 | 0.4.32 | 7.00 | 66.00 | 73.00 | OK |
Version: 0.4.32
Check: Rd files
Result: NOTE
checkRd: (-1) tracker.Rd:70: Escaped LaTeX specials: \&
checkRd: (-1) tracker.Rd:73: Escaped LaTeX specials: \&
Flavors: r-devel-linux-x86_64-debian-clang, r-devel-linux-x86_64-debian-gcc, r-devel-linux-x86_64-fedora-clang, r-devel-linux-x86_64-fedora-gcc, r-devel-windows-x86_64
Version: 0.4.32
Check: for non-standard things in the check directory
Result: NOTE
Found the following files/directories:
'results'
Flavors: r-devel-linux-x86_64-debian-clang, r-devel-linux-x86_64-debian-gcc, r-devel-linux-x86_64-fedora-clang, r-devel-linux-x86_64-fedora-gcc, r-patched-linux-x86_64, r-release-linux-x86_64