Last updated on 2024-04-23 10:54:16 CEST.
Flavor | Version | Tinstall | Tcheck | Ttotal | Status | Flags |
---|---|---|---|---|---|---|
r-devel-linux-x86_64-debian-clang | 1.4.3 | 15.13 | 129.19 | 144.32 | OK | |
r-devel-linux-x86_64-debian-gcc | 1.4.3 | 12.64 | 99.01 | 111.65 | OK | |
r-devel-linux-x86_64-fedora-clang | 1.4.3 | 182.32 | NOTE | |||
r-devel-linux-x86_64-fedora-gcc | 1.4.3 | 168.98 | NOTE | |||
r-prerel-macos-arm64 | 1.4.3 | 56.00 | OK | |||
r-prerel-windows-x86_64 | 1.4.3 | 22.00 | 112.00 | 134.00 | OK | |
r-patched-linux-x86_64 | 1.4.3 | 15.67 | 123.92 | 139.59 | OK | |
r-release-linux-x86_64 | 1.4.3 | 16.62 | 127.90 | 144.52 | OK | |
r-release-macos-arm64 | 1.4.3 | 61.00 | OK | |||
r-release-macos-x86_64 | 1.4.3 | 90.00 | OK | |||
r-release-windows-x86_64 | 1.4.3 | 26.00 | 143.00 | 169.00 | OK | |
r-oldrel-macos-arm64 | 1.4.3 | 51.00 | OK | |||
r-oldrel-windows-x86_64 | 1.4.3 | 25.00 | 138.00 | 163.00 | OK |
Version: 1.4.3
Check: compiled code
Result: NOTE
File ‘RTextTools/libs/RTextTools.so’:
Found no calls to: ‘R_registerRoutines’, ‘R_useDynamicSymbols’
It is good practice to register native routines and to disable symbol
search.
See ‘Writing portable packages’ in the ‘Writing R Extensions’ manual.
Flavors: r-devel-linux-x86_64-fedora-clang, r-devel-linux-x86_64-fedora-gcc