CRAN Package Check Results for Package RTL

Last updated on 2022-07-04 12:54:20 CEST.

Flavor Version Tinstall Tcheck Ttotal Status Flags
r-devel-linux-x86_64-debian-clang 1.2.0 52.57 121.68 174.25 OK
r-devel-linux-x86_64-debian-gcc 1.2.0 44.23 89.65 133.88 OK
r-devel-linux-x86_64-fedora-clang 1.2.0 229.15 NOTE
r-devel-linux-x86_64-fedora-gcc 1.2.0 219.43 NOTE
r-devel-windows-x86_64 1.2.0 71.00 176.00 247.00 OK
r-patched-linux-x86_64 1.2.0 40.27 116.22 156.49 OK
r-release-linux-x86_64 1.2.0 38.87 113.60 152.47 OK
r-release-macos-arm64 1.2.0 67.00 NOTE
r-release-macos-x86_64 1.2.0 84.00 NOTE
r-release-windows-x86_64 1.2.0 77.00 177.00 254.00 OK
r-oldrel-macos-arm64 1.2.0 59.00 NOTE
r-oldrel-macos-x86_64 1.2.0 86.00 NOTE
r-oldrel-windows-ix86+x86_64 1.2.0 122.00 237.00 359.00 OK

Check Details

Version: 1.2.0
Check: package dependencies
Result: NOTE
    Imports includes 21 non-default packages.
    Importing from so many packages makes the package vulnerable to any of
    them becoming unavailable. Move as many as possible to Suggests and
    use conditionally.
Flavor: r-devel-linux-x86_64-fedora-clang

Version: 1.2.0
Check: data for non-ASCII characters
Result: NOTE
     Note: found 9 marked UTF-8 strings
Flavors: r-devel-linux-x86_64-fedora-clang, r-devel-linux-x86_64-fedora-gcc, r-release-macos-arm64, r-release-macos-x86_64, r-oldrel-macos-arm64, r-oldrel-macos-x86_64