CRAN Package Check Results for Package RTIGER

Last updated on 2022-06-26 11:52:43 CEST.

Flavor Version Tinstall Tcheck Ttotal Status Flags
r-devel-linux-x86_64-debian-clang 1.99.0 27.09 230.97 258.06 OK
r-devel-linux-x86_64-debian-gcc 1.99.0 19.49 171.19 190.68 OK
r-devel-linux-x86_64-fedora-clang 1.99.0 324.54 OK
r-devel-linux-x86_64-fedora-gcc 1.99.0 310.97 OK
r-devel-windows-x86_64 1.99.0 34.00 228.00 262.00 OK
r-patched-linux-x86_64 1.99.0 22.89 217.34 240.23 OK
r-release-linux-x86_64 1.99.0 25.92 217.95 243.87 OK
r-release-macos-arm64 1.99.0 79.00 NOTE
r-release-macos-x86_64 1.99.0 148.00 OK
r-release-windows-x86_64 1.99.0 34.00 240.00 274.00 OK
r-oldrel-macos-arm64 1.99.0 78.00 OK
r-oldrel-macos-x86_64 1.99.0 108.00 OK
r-oldrel-windows-ix86+x86_64 1.99.0 51.00 238.00 289.00 OK

Check Details

Version: 1.99.0
Check: package dependencies
Result: NOTE
    Packages suggested but not available for checking: 'Gviz', 'rtracklayer'
Flavor: r-release-macos-arm64