Last updated on 2024-05-01 12:14:37 CEST.
Flavor | Version | Tinstall | Tcheck | Ttotal | Status | Flags |
---|---|---|---|---|---|---|
r-devel-linux-x86_64-debian-clang | 1.0.4 | 2.08 | 21.82 | 23.90 | NOTE | |
r-devel-linux-x86_64-debian-gcc | 1.0.4 | 1.68 | 16.89 | 18.57 | NOTE | |
r-devel-linux-x86_64-fedora-clang | 1.0.4 | 30.00 | NOTE | |||
r-devel-linux-x86_64-fedora-gcc | 1.0.4 | 28.66 | NOTE | |||
r-devel-windows-x86_64 | 1.0.4 | 3.00 | 36.00 | 39.00 | NOTE | |
r-patched-linux-x86_64 | 1.0.4 | 1.68 | 20.80 | 22.48 | NOTE | |
r-release-linux-x86_64 | 1.0.4 | 1.66 | 20.97 | 22.63 | NOTE | |
r-release-macos-arm64 | 1.0.4 | 14.00 | NOTE | |||
r-release-windows-x86_64 | 1.0.4 | 3.00 | 35.00 | 38.00 | NOTE | |
r-oldrel-macos-arm64 | 1.0.4 | 14.00 | NOTE | |||
r-oldrel-macos-x86_64 | 1.0.4 | 19.00 | NOTE | |||
r-oldrel-windows-x86_64 | 1.0.4 | 3.00 | 34.00 | 37.00 | NOTE |
Version: 1.0.4
Check: LazyData
Result: NOTE
'LazyData' is specified without a 'data' directory
Flavors: r-devel-linux-x86_64-debian-clang, r-devel-linux-x86_64-debian-gcc, r-devel-linux-x86_64-fedora-clang, r-devel-linux-x86_64-fedora-gcc, r-devel-windows-x86_64, r-patched-linux-x86_64, r-release-linux-x86_64, r-release-macos-arm64, r-release-windows-x86_64, r-oldrel-macos-arm64, r-oldrel-macos-x86_64, r-oldrel-windows-x86_64