Last updated on 2025-07-09 11:50:38 CEST.
Flavor | Version | Tinstall | Tcheck | Ttotal | Status | Flags |
---|---|---|---|---|---|---|
r-devel-linux-x86_64-debian-clang | 1.4.7 | 289.86 | 236.71 | 526.57 | NOTE | |
r-devel-linux-x86_64-debian-gcc | 1.5.0 | 210.04 | 182.56 | 392.60 | OK | |
r-devel-linux-x86_64-fedora-clang | 1.5.0 | 1597.57 | OK | |||
r-devel-linux-x86_64-fedora-gcc | 1.5.0 | 1022.63 | OK | |||
r-devel-windows-x86_64 | 1.4.7 | 406.00 | 248.00 | 654.00 | NOTE | |
r-patched-linux-x86_64 | 1.4.7 | 279.79 | 228.61 | 508.40 | NOTE | |
r-release-linux-x86_64 | 1.4.7 | 264.82 | 223.91 | 488.73 | NOTE | |
r-release-macos-arm64 | 1.4.7 | 228.00 | OK | |||
r-release-macos-x86_64 | 1.5.0 | 347.00 | OK | |||
r-release-windows-x86_64 | 1.5.0 | 351.00 | 298.00 | 649.00 | OK | |
r-oldrel-macos-arm64 | 1.4.7 | 194.00 | NOTE | |||
r-oldrel-macos-x86_64 | 1.5.0 | 365.00 | NOTE | |||
r-oldrel-windows-x86_64 | 1.5.0 | 378.00 | 326.00 | 704.00 | OK |
Version: 1.4.7
Check: Rd cross-references
Result: NOTE
Found the following Rd file(s) with Rd \link{} targets missing package
anchors:
iwlsm.Rd: lqs
plot.sienaTimeTest.Rd: xyplot
sienaDependent.Rd: Matrix
Please provide package anchors for all Rd \link{} targets not in the
package itself and the base packages.
Flavors: r-devel-linux-x86_64-debian-clang, r-devel-windows-x86_64, r-patched-linux-x86_64, r-release-linux-x86_64
Version: 1.4.7
Check: installed package size
Result: NOTE
installed size is 26.4Mb
sub-directories of 1Mb or more:
R 1.1Mb
libs 24.9Mb
Flavor: r-oldrel-macos-arm64
Version: 1.5.0
Check: installed package size
Result: NOTE
installed size is 28.7Mb
sub-directories of 1Mb or more:
R 2.0Mb
libs 26.2Mb
Flavor: r-oldrel-macos-x86_64