Last updated on 2023-12-06 11:52:38 CET.
Flavor | Version | Tinstall | Tcheck | Ttotal | Status | Flags |
---|---|---|---|---|---|---|
r-devel-linux-x86_64-debian-clang | 1.0.4 | 35.05 | 39.88 | 74.93 | OK | |
r-devel-linux-x86_64-debian-gcc | 1.0.4 | 25.46 | 30.98 | 56.44 | OK | |
r-devel-linux-x86_64-fedora-clang | 1.0.4 | 102.93 | OK | |||
r-devel-linux-x86_64-fedora-gcc | 1.0.4 | 60.81 | OK | |||
r-devel-windows-x86_64 | 1.0.4 | 26.00 | 81.00 | 107.00 | OK | |
r-patched-linux-x86_64 | 1.0.3 | 27.04 | 39.51 | 66.55 | NOTE | |
r-release-linux-x86_64 | 1.0.4 | 29.76 | 39.21 | 68.97 | OK | |
r-release-macos-arm64 | 1.0.4 | 52.00 | OK | |||
r-release-macos-x86_64 | 1.0.4 | 105.00 | OK | |||
r-release-windows-x86_64 | 1.0.4 | 25.00 | 89.00 | 114.00 | OK | |
r-oldrel-macos-arm64 | 1.0.4 | 37.00 | OK | |||
r-oldrel-macos-x86_64 | 1.0.3 | 42.00 | OK | |||
r-oldrel-windows-x86_64 | 1.0.4 | 32.00 | 84.00 | 116.00 | OK |
Version: 1.0.3
Check: C++ specification
Result: NOTE
Specified C++11: please drop specification unless essential
Flavor: r-patched-linux-x86_64