Last updated on 2024-03-29 09:55:35 CET.
Flavor | Version | Tinstall | Tcheck | Ttotal | Status | Flags |
---|---|---|---|---|---|---|
r-devel-linux-x86_64-debian-clang | 2.3.5 | 186.12 | 86.24 | 272.36 | OK | |
r-devel-linux-x86_64-debian-gcc | 2.3.5 | 184.93 | 64.38 | 249.31 | OK | |
r-devel-linux-x86_64-fedora-clang | 2.3.5 | 364.62 | OK | |||
r-devel-linux-x86_64-fedora-gcc | 2.3.5 | 440.99 | OK | |||
r-devel-windows-x86_64 | 2.3.5 | 190.00 | 121.00 | 311.00 | OK | |
r-patched-linux-x86_64 | 2.3.5 | 223.88 | 82.45 | 306.33 | OK | |
r-release-linux-x86_64 | 2.3.5 | 220.98 | 80.18 | 301.16 | OK | |
r-release-macos-arm64 | 2.3.5 | 118.00 | NOTE | |||
r-release-macos-x86_64 | 2.3.5 | 169.00 | NOTE | |||
r-release-windows-x86_64 | 2.3.5 | 218.00 | 141.00 | 359.00 | OK | |
r-oldrel-macos-arm64 | 2.3.5 | 97.00 | NOTE | |||
r-oldrel-windows-x86_64 | 2.3.5 | 207.00 | 127.00 | 334.00 | OK |
Version: 2.3.5
Check: installed package size
Result: NOTE
installed size is 12.4Mb
sub-directories of 1Mb or more:
libs 11.6Mb
Flavors: r-release-macos-arm64, r-release-macos-x86_64, r-oldrel-macos-arm64