Last updated on 2022-05-20 11:51:13 CEST.
Flavor | Version | Tinstall | Tcheck | Ttotal | Status | Flags |
---|---|---|---|---|---|---|
r-devel-linux-x86_64-debian-clang | 2.2.14 | 251.24 | 89.83 | 341.07 | OK | |
r-devel-linux-x86_64-debian-gcc | 2.2.14 | 215.68 | 67.76 | 283.44 | OK | |
r-devel-linux-x86_64-fedora-clang | 2.2.14 | 501.57 | NOTE | |||
r-devel-windows-x86_64 | 2.2.14 | 1299.00 | 173.00 | 1472.00 | OK | |
r-patched-linux-x86_64 | 2.2.14 | 226.38 | 86.82 | 313.20 | OK | |
r-release-linux-x86_64 | 2.2.14 | 221.64 | 87.98 | 309.62 | OK | |
r-release-macos-arm64 | 2.2.14 | 114.00 | NOTE | |||
r-release-macos-x86_64 | 2.2.14 | 174.00 | NOTE | |||
r-release-windows-x86_64 | 2.2.14 | 996.00 | 168.00 | 1164.00 | OK | |
r-oldrel-macos-arm64 | 2.2.14 | 110.00 | NOTE | |||
r-oldrel-macos-x86_64 | 2.2.14 | 151.00 | NOTE | |||
r-oldrel-windows-ix86+x86_64 | 2.2.14 | 653.00 | 163.00 | 816.00 | NOTE |
Version: 2.2.14
Check: installed package size
Result: NOTE
installed size is 9.8Mb
sub-directories of 1Mb or more:
libs 9.1Mb
Flavors: r-devel-linux-x86_64-fedora-clang, r-release-macos-arm64, r-release-macos-x86_64, r-oldrel-macos-arm64, r-oldrel-macos-x86_64, r-oldrel-windows-ix86+x86_64