Last updated on 2024-07-17 12:40:39 CEST.
Flavor | Version | Tinstall | Tcheck | Ttotal | Status | Flags |
---|---|---|---|---|---|---|
r-devel-linux-x86_64-debian-clang | 0.1.1 | 22.80 | 160.33 | 183.13 | OK | |
r-devel-linux-x86_64-debian-gcc | 0.1.1 | 16.78 | 118.27 | 135.05 | OK | |
r-devel-linux-x86_64-fedora-clang | 0.1.1 | 234.54 | OK | |||
r-devel-linux-x86_64-fedora-gcc | 0.1.1 | 233.29 | OK | |||
r-devel-windows-x86_64 | 0.1.1 | 18.00 | 112.00 | 130.00 | OK | |
r-patched-linux-x86_64 | 0.1.1 | 21.15 | 153.43 | 174.58 | OK | |
r-release-linux-x86_64 | 0.1.1 | 14.41 | 155.16 | 169.57 | OK | |
r-release-macos-arm64 | 0.1.1 | 89.00 | OK | |||
r-release-macos-x86_64 | 0.1.1 | 126.00 | OK | |||
r-release-windows-x86_64 | 0.1.1 | 19.00 | 114.00 | 133.00 | OK | |
r-oldrel-macos-arm64 | 0.1.1 | 63.00 | OK | |||
r-oldrel-macos-x86_64 | 0.1.1 | 214.00 | NOTE | |||
r-oldrel-windows-x86_64 | 0.1.1 | 24.00 | 138.00 | 162.00 | OK |
Version: 0.1.1
Check: installed package size
Result: NOTE
installed size is 5.5Mb
sub-directories of 1Mb or more:
data 5.1Mb
Flavor: r-oldrel-macos-x86_64