CRAN Package Check Results for Package RSAGA

Last updated on 2024-02-26 12:54:35 CET.

Flavor Version Tinstall Tcheck Ttotal Status Flags
r-devel-linux-x86_64-debian-clang 1.4.0 9.57 95.76 105.33 NOTE
r-devel-linux-x86_64-debian-gcc 1.4.0 8.99 71.44 80.43 NOTE
r-devel-linux-x86_64-fedora-clang 1.4.0 136.92 NOTE
r-devel-linux-x86_64-fedora-gcc 1.4.0 149.86 NOTE
r-devel-windows-x86_64 1.4.0 11.00 95.00 106.00 OK
r-patched-linux-x86_64 1.4.0 16.17 92.79 108.96 OK
r-release-linux-x86_64 1.4.0 10.58 93.54 104.12 OK
r-release-macos-arm64 1.4.0 47.00 OK
r-release-macos-x86_64 1.4.0 68.00 OK
r-release-windows-x86_64 1.4.0 15.00 115.00 130.00 OK
r-oldrel-macos-arm64 1.4.0 36.00 OK
r-oldrel-windows-x86_64 1.4.0 15.00 99.00 114.00 OK

Check Details

Version: 1.4.0
Check: Rd files
Result: NOTE checkRd: (-1) landslides.Rd:11-21: Lost braces in \enumerate; meant \describe ? checkRd: (-1) landslides.Rd:16: Lost braces in \itemize; meant \describe ? checkRd: (-1) landslides.Rd:17-18: Lost braces in \itemize; meant \describe ? checkRd: (-1) landslides.Rd:22-26: Lost braces 22 | \item \code{dem} {Digital elevation model given as a .Rd grid, i.e. a list | ^ checkRd: (-1) landslides.Rd:27-28: Lost braces 27 | \item \code{study_area} {An \code{sf}-object representing the outlines of | ^ checkRd: (-1) rsaga.get.modules.Rd:68: Lost braces in \itemize; \value handles \item{}{} directly checkRd: (-1) rsaga.get.modules.Rd:69: Lost braces in \itemize; \value handles \item{}{} directly checkRd: (-1) rsaga.get.modules.Rd:70: Lost braces in \itemize; \value handles \item{}{} directly Flavors: r-devel-linux-x86_64-debian-clang, r-devel-linux-x86_64-debian-gcc, r-devel-linux-x86_64-fedora-clang, r-devel-linux-x86_64-fedora-gcc