Last updated on 2022-06-25 10:53:13 CEST.
Flavor | Version | Tinstall | Tcheck | Ttotal | Status | Flags |
---|---|---|---|---|---|---|
r-devel-linux-x86_64-debian-clang | 0.4.16 | 731.06 | 58.53 | 789.59 | OK | |
r-devel-linux-x86_64-debian-gcc | 0.4.16 | 823.70 | 44.82 | 868.52 | OK | |
r-devel-windows-x86_64 | 0.4.16 | 3567.00 | 153.00 | 3720.00 | NOTE | |
r-patched-linux-x86_64 | 0.4.16 | 878.34 | 54.11 | 932.45 | OK | |
r-release-linux-x86_64 | 0.4.16 | 865.55 | 53.95 | 919.50 | OK | |
r-release-macos-arm64 | 0.4.16 | 286.00 | NOTE | |||
r-release-macos-x86_64 | 0.4.16 | 367.00 | NOTE | |||
r-release-windows-x86_64 | 0.4.16 | 5572.00 | 160.00 | 5732.00 | NOTE | |
r-oldrel-macos-arm64 | 0.4.16 | 283.00 | NOTE | |||
r-oldrel-macos-x86_64 | 0.4.16 | 351.00 | NOTE | |||
r-oldrel-windows-ix86+x86_64 | 0.4.16 | 2391.00 | 188.00 | 2579.00 | NOTE |
Version: 0.4.16
Check: installed package size
Result: NOTE
installed size is 14.5Mb
sub-directories of 1Mb or more:
libs 13.9Mb
Flavors: r-devel-windows-x86_64, r-release-macos-arm64, r-release-macos-x86_64, r-release-windows-x86_64, r-oldrel-macos-arm64, r-oldrel-macos-x86_64, r-oldrel-windows-ix86+x86_64