Last updated on 2024-04-17 10:41:49 CEST.
Flavor | Version | Tinstall | Tcheck | Ttotal | Status | Flags |
---|---|---|---|---|---|---|
r-devel-linux-x86_64-debian-clang | 0.1.5 | 26.06 | 80.74 | 106.80 | OK | |
r-devel-linux-x86_64-debian-gcc | 0.1.5 | 17.92 | 61.06 | 78.98 | OK | |
r-devel-linux-x86_64-fedora-clang | 0.1.5 | 136.92 | NOTE | |||
r-devel-linux-x86_64-fedora-gcc | 0.1.5 | 132.40 | OK | |||
r-prerel-macos-arm64 | 0.1.5 | 39.00 | OK | |||
r-prerel-windows-x86_64 | 0.1.5 | 22.00 | 92.00 | 114.00 | OK | |
r-patched-linux-x86_64 | 0.1.5 | 26.51 | 79.07 | 105.58 | OK | |
r-release-linux-x86_64 | 0.1.5 | 26.04 | 79.18 | 105.22 | OK | |
r-release-macos-arm64 | 0.1.5 | 45.00 | OK | |||
r-release-macos-x86_64 | 0.1.5 | 68.00 | OK | |||
r-release-windows-x86_64 | 0.1.5 | 28.00 | 112.00 | 140.00 | OK | |
r-oldrel-macos-arm64 | 0.1.5 | 43.00 | OK | |||
r-oldrel-windows-x86_64 | 0.1.5 | 28.00 | 109.00 | 137.00 | OK |
Version: 0.1.5
Check: Rd cross-references
Result: NOTE
Undeclared package ‘scalreg’ in Rd xrefs
Flavor: r-devel-linux-x86_64-fedora-clang