Last updated on 2024-03-28 09:51:55 CET.
Flavor | Version | Tinstall | Tcheck | Ttotal | Status | Flags |
---|---|---|---|---|---|---|
r-devel-linux-x86_64-debian-clang | 1.4.9 | 24.29 | 166.27 | 190.56 | OK | |
r-devel-linux-x86_64-debian-gcc | 1.4.9 | 14.03 | 123.12 | 137.15 | OK | |
r-devel-linux-x86_64-fedora-clang | 1.4.9 | 269.65 | NOTE | |||
r-devel-linux-x86_64-fedora-gcc | 1.4.9 | 238.02 | OK | |||
r-devel-windows-x86_64 | 1.4.9 | 19.00 | 151.00 | 170.00 | NOTE | |
r-patched-linux-x86_64 | 1.4.9 | 13.77 | 156.94 | 170.71 | OK | |
r-release-linux-x86_64 | 1.4.9 | 13.71 | 158.92 | 172.63 | OK | |
r-release-macos-arm64 | 1.4.9 | 73.00 | NOTE | |||
r-release-macos-x86_64 | 1.4.9 | 170.00 | NOTE | |||
r-release-windows-x86_64 | 1.4.9 | 25.00 | 182.00 | 207.00 | NOTE | |
r-oldrel-macos-arm64 | 1.4.9 | 71.00 | NOTE | |||
r-oldrel-windows-x86_64 | 1.4.9 | 26.00 | 186.00 | 212.00 | NOTE |
Version: 1.4.9
Check: installed package size
Result: NOTE
installed size is 5.4Mb
sub-directories of 1Mb or more:
extdata 4.6Mb
Flavors: r-devel-linux-x86_64-fedora-clang, r-devel-windows-x86_64, r-release-macos-arm64, r-release-macos-x86_64, r-release-windows-x86_64, r-oldrel-macos-arm64, r-oldrel-windows-x86_64