Last updated on 2022-06-26 11:52:43 CEST.
Flavor | Version | Tinstall | Tcheck | Ttotal | Status | Flags |
---|---|---|---|---|---|---|
r-devel-linux-x86_64-debian-clang | 1.4.7 | 24.04 | 173.38 | 197.42 | OK | |
r-devel-linux-x86_64-debian-gcc | 1.4.7 | 18.85 | 127.67 | 146.52 | OK | |
r-devel-linux-x86_64-fedora-clang | 1.4.7 | 244.74 | WARN | |||
r-devel-linux-x86_64-fedora-gcc | 1.4.7 | 239.50 | WARN | |||
r-devel-windows-x86_64 | 1.4.7 | 57.00 | 213.00 | 270.00 | NOTE | |
r-patched-linux-x86_64 | 1.4.7 | 18.03 | 164.25 | 182.28 | OK | |
r-release-linux-x86_64 | 1.4.7 | 14.81 | 160.13 | 174.94 | OK | |
r-release-macos-arm64 | 1.4.7 | 70.00 | NOTE | |||
r-release-macos-x86_64 | 1.4.7 | 110.00 | NOTE | |||
r-release-windows-x86_64 | 1.4.7 | 64.00 | 209.00 | 273.00 | NOTE | |
r-oldrel-macos-arm64 | 1.4.7 | 80.00 | NOTE | |||
r-oldrel-macos-x86_64 | 1.4.7 | 134.00 | NOTE | |||
r-oldrel-windows-ix86+x86_64 | 1.4.7 | 46.00 | 198.00 | 244.00 | NOTE |
Version: 1.4.7
Check: package dependencies
Result: WARN
Requires (indirectly) orphaned package: ‘gtools’
Flavors: r-devel-linux-x86_64-fedora-clang, r-devel-linux-x86_64-fedora-gcc
Version: 1.4.7
Check: installed package size
Result: NOTE
installed size is 5.4Mb
sub-directories of 1Mb or more:
extdata 4.5Mb
Flavors: r-devel-linux-x86_64-fedora-clang, r-devel-windows-x86_64, r-release-macos-arm64, r-release-macos-x86_64, r-release-windows-x86_64, r-oldrel-macos-arm64, r-oldrel-macos-x86_64, r-oldrel-windows-ix86+x86_64