CRAN Package Check Results for Package ROpenWeatherMap

Last updated on 2024-04-18 12:52:58 CEST.

Flavor Version Tinstall Tcheck Ttotal Status Flags
r-devel-linux-x86_64-debian-clang 1.1 2.97 29.66 32.63 NOTE
r-devel-linux-x86_64-debian-gcc 1.1 2.37 22.37 24.74 NOTE
r-devel-linux-x86_64-fedora-clang 1.1 40.07 NOTE
r-devel-linux-x86_64-fedora-gcc 1.1 37.91 NOTE
r-prerel-macos-arm64 1.1 14.00 NOTE
r-prerel-windows-x86_64 1.1 3.00 42.00 45.00 NOTE
r-patched-linux-x86_64 1.1 2.47 28.64 31.11 NOTE
r-release-linux-x86_64 1.1 3.06 28.33 31.39 NOTE
r-release-macos-arm64 1.1 16.00 NOTE
r-release-macos-x86_64 1.1 22.00 NOTE
r-release-windows-x86_64 1.1 5.00 41.00 46.00 NOTE
r-oldrel-macos-arm64 1.1 14.00 NOTE
r-oldrel-windows-x86_64 1.1 5.00 49.00 54.00 NOTE

Check Details

Version: 1.1
Check: LazyData
Result: NOTE 'LazyData' is specified without a 'data' directory Flavors: r-devel-linux-x86_64-debian-clang, r-devel-linux-x86_64-debian-gcc, r-devel-linux-x86_64-fedora-clang, r-devel-linux-x86_64-fedora-gcc, r-prerel-macos-arm64, r-prerel-windows-x86_64, r-patched-linux-x86_64, r-release-linux-x86_64, r-release-macos-arm64, r-release-macos-x86_64, r-release-windows-x86_64, r-oldrel-macos-arm64, r-oldrel-windows-x86_64