CRAN Package Check Results for Package ROMDB

Last updated on 2022-06-26 11:52:43 CEST.

Flavor Version Tinstall Tcheck Ttotal Status Flags
r-devel-linux-x86_64-debian-clang 0.1.0 6.43 52.78 59.21 NOTE
r-devel-linux-x86_64-debian-gcc 0.1.0 4.63 39.39 44.02 NOTE
r-devel-linux-x86_64-fedora-clang 0.1.0 84.59 NOTE
r-devel-linux-x86_64-fedora-gcc 0.1.0 83.26 NOTE
r-devel-windows-x86_64 0.1.0 19.00 76.00 95.00 NOTE
r-patched-linux-x86_64 0.1.0 5.40 49.96 55.36 NOTE
r-release-linux-x86_64 0.1.0 5.38 48.67 54.05 NOTE
r-release-macos-arm64 0.1.0 25.00 NOTE
r-release-macos-x86_64 0.1.0 48.00 NOTE
r-release-windows-x86_64 0.1.0 19.00 76.00 95.00 NOTE
r-oldrel-macos-arm64 0.1.0 37.00 NOTE
r-oldrel-macos-x86_64 0.1.0 39.00 NOTE
r-oldrel-windows-ix86+x86_64 0.1.0 16.00 79.00 95.00 NOTE

Check Details

Version: 0.1.0
Check: LazyData
Result: NOTE
     'LazyData' is specified without a 'data' directory
Flavors: r-devel-linux-x86_64-debian-clang, r-devel-linux-x86_64-debian-gcc, r-devel-linux-x86_64-fedora-clang, r-devel-linux-x86_64-fedora-gcc, r-devel-windows-x86_64, r-patched-linux-x86_64, r-release-linux-x86_64, r-release-macos-arm64, r-release-macos-x86_64, r-release-windows-x86_64, r-oldrel-macos-arm64, r-oldrel-macos-x86_64, r-oldrel-windows-ix86+x86_64