Last updated on 2024-03-28 09:51:55 CET.
Flavor | Version | Tinstall | Tcheck | Ttotal | Status | Flags |
---|---|---|---|---|---|---|
r-devel-linux-x86_64-debian-clang | 1.0-1 | 5.54 | 657.44 | 662.98 | NOTE | |
r-devel-linux-x86_64-debian-gcc | 1.0-1 | 6.52 | 441.52 | 448.04 | NOTE | |
r-devel-linux-x86_64-fedora-clang | 1.0-1 | 74.63 | NOTE | |||
r-devel-linux-x86_64-fedora-gcc | 1.0-1 | 71.90 | NOTE | |||
r-devel-windows-x86_64 | 1.0-1 | 43.00 | 341.00 | 384.00 | NOTE | |
r-patched-linux-x86_64 | 1.0-1 | 8.04 | 650.55 | 658.59 | NOTE | |
r-release-linux-x86_64 | 1.0-1 | 8.08 | 619.60 | 627.68 | OK | |
r-release-macos-arm64 | 1.0-1 | 25.00 | OK | |||
r-release-macos-x86_64 | 1.0-1 | 46.00 | OK | |||
r-release-windows-x86_64 | 1.0-1 | 31.00 | 427.00 | 458.00 | OK | |
r-oldrel-macos-arm64 | 1.0-1 | 26.00 | OK | |||
r-oldrel-windows-x86_64 | 1.0-1 | 39.00 | 613.00 | 652.00 | OK |
Version: 1.0-1
Check: Rd files
Result: NOTE
checkRd: (-1) ROI_plugin_build_equality_constraints.Rd:27: Lost braces in \enumerate; meant \describe ?
checkRd: (-1) ROI_plugin_build_equality_constraints.Rd:28: Lost braces in \enumerate; meant \describe ?
checkRd: (-1) ROI_plugin_build_inequality_constraints.Rd:27: Lost braces in \enumerate; meant \describe ?
checkRd: (-1) ROI_plugin_build_inequality_constraints.Rd:28: Lost braces in \enumerate; meant \describe ?
checkRd: (-1) ROI_plugin_build_inequality_constraints.Rd:29: Lost braces in \enumerate; meant \describe ?
checkRd: (-1) ROI_solve.Rd:26: Lost braces in \itemize; \value handles \item{}{} directly
checkRd: (-1) ROI_solve.Rd:27: Lost braces in \itemize; \value handles \item{}{} directly
checkRd: (-1) ROI_solve.Rd:28-30: Lost braces in \itemize; \value handles \item{}{} directly
checkRd: (-1) ROI_solve.Rd:31: Lost braces in \itemize; \value handles \item{}{} directly
Flavors: r-devel-linux-x86_64-debian-clang, r-devel-linux-x86_64-debian-gcc, r-devel-linux-x86_64-fedora-clang, r-devel-linux-x86_64-fedora-gcc, r-devel-windows-x86_64, r-patched-linux-x86_64