CRAN Package Check Results for Package ROCket

Last updated on 2022-06-28 12:52:35 CEST.

Flavor Version Tinstall Tcheck Ttotal Status Flags
r-devel-linux-x86_64-debian-clang 1.0.1 3.21 33.50 36.71 NOTE
r-devel-linux-x86_64-debian-gcc 1.0.1 2.31 24.45 26.76 NOTE
r-devel-linux-x86_64-fedora-clang 1.0.1 53.61 NOTE
r-devel-linux-x86_64-fedora-gcc 1.0.1 54.81 NOTE
r-devel-windows-x86_64 1.0.1 17.00 56.00 73.00 NOTE
r-patched-linux-x86_64 1.0.1 4.61 30.40 35.01 NOTE
r-release-linux-x86_64 1.0.1 2.23 31.15 33.38 NOTE
r-release-macos-arm64 1.0.1 16.00 NOTE
r-release-macos-x86_64 1.0.1 26.00 NOTE
r-release-windows-x86_64 1.0.1 14.00 53.00 67.00 NOTE
r-oldrel-macos-arm64 1.0.1 19.00 NOTE
r-oldrel-macos-x86_64 1.0.1 31.00 NOTE
r-oldrel-windows-ix86+x86_64 1.0.1 7.00 51.00 58.00 NOTE

Check Details

Version: 1.0.1
Check: LazyData
Result: NOTE
     'LazyData' is specified without a 'data' directory
Flavors: r-devel-linux-x86_64-debian-clang, r-devel-linux-x86_64-debian-gcc, r-devel-linux-x86_64-fedora-clang, r-devel-linux-x86_64-fedora-gcc, r-devel-windows-x86_64, r-patched-linux-x86_64, r-release-linux-x86_64, r-release-macos-arm64, r-release-macos-x86_64, r-release-windows-x86_64, r-oldrel-macos-arm64, r-oldrel-macos-x86_64, r-oldrel-windows-ix86+x86_64