CRAN Package Check Results for Package RNHANES

Last updated on 2022-07-02 12:53:13 CEST.

Flavor Version Tinstall Tcheck Ttotal Status Flags
r-devel-linux-x86_64-debian-clang 1.1.0 12.59 120.20 132.79 NOTE
r-devel-linux-x86_64-debian-gcc 1.1.0 9.30 89.79 99.09 NOTE
r-devel-linux-x86_64-fedora-clang 1.1.0 167.79 NOTE
r-devel-linux-x86_64-fedora-gcc 1.1.0 174.50 NOTE
r-devel-windows-x86_64 1.1.0 91.00 158.00 249.00 NOTE
r-patched-linux-x86_64 1.1.0 12.98 113.93 126.91 NOTE
r-release-linux-x86_64 1.1.0 9.87 113.34 123.21 NOTE
r-release-macos-arm64 1.1.0 42.00 NOTE
r-release-macos-x86_64 1.1.0 90.00 NOTE
r-release-windows-x86_64 1.1.0 80.00 160.00 240.00 NOTE
r-oldrel-macos-arm64 1.1.0 44.00 NOTE
r-oldrel-macos-x86_64 1.1.0 79.00 NOTE
r-oldrel-windows-ix86+x86_64 1.1.0 27.00 124.00 151.00 NOTE

Check Details

Version: 1.1.0
Check: LazyData
Result: NOTE
     'LazyData' is specified without a 'data' directory
Flavors: r-devel-linux-x86_64-debian-clang, r-devel-linux-x86_64-debian-gcc, r-devel-linux-x86_64-fedora-clang, r-devel-linux-x86_64-fedora-gcc, r-devel-windows-x86_64, r-patched-linux-x86_64, r-release-linux-x86_64, r-release-macos-arm64, r-release-macos-x86_64, r-release-windows-x86_64, r-oldrel-macos-arm64, r-oldrel-macos-x86_64, r-oldrel-windows-ix86+x86_64