Last updated on 2024-04-18 12:52:58 CEST.
Flavor | Version | Tinstall | Tcheck | Ttotal | Status | Flags |
---|---|---|---|---|---|---|
r-devel-linux-x86_64-debian-clang | 0.9 | 5.26 | 36.62 | 41.88 | NOTE | |
r-devel-linux-x86_64-debian-gcc | 0.9 | 3.33 | 26.90 | 30.23 | NOTE | |
r-devel-linux-x86_64-fedora-clang | 0.9 | 48.95 | NOTE | |||
r-devel-linux-x86_64-fedora-gcc | 0.9 | 48.33 | NOTE | |||
r-prerel-macos-arm64 | 0.9 | 19.00 | NOTE | |||
r-prerel-windows-x86_64 | 0.9 | 4.00 | 47.00 | 51.00 | NOTE | |
r-patched-linux-x86_64 | 0.9 | 4.46 | 34.23 | 38.69 | NOTE | |
r-release-linux-x86_64 | 0.9 | 3.40 | 34.86 | 38.26 | NOTE | |
r-release-macos-arm64 | 0.9 | 22.00 | NOTE | |||
r-release-macos-x86_64 | 0.9 | 30.00 | NOTE | |||
r-release-windows-x86_64 | 0.9 | 7.00 | 52.00 | 59.00 | NOTE | |
r-oldrel-macos-arm64 | 0.9 | 19.00 | NOTE | |||
r-oldrel-windows-x86_64 | 0.9 | 7.00 | 58.00 | 65.00 | NOTE |
Version: 0.9
Check: DESCRIPTION meta-information
Result: NOTE
Malformed Title field: should not end in a period.
Flavors: r-devel-linux-x86_64-debian-clang, r-devel-linux-x86_64-debian-gcc, r-devel-linux-x86_64-fedora-clang, r-devel-linux-x86_64-fedora-gcc, r-prerel-macos-arm64, r-prerel-windows-x86_64, r-patched-linux-x86_64, r-release-linux-x86_64, r-release-macos-arm64, r-release-macos-x86_64, r-release-windows-x86_64, r-oldrel-macos-arm64, r-oldrel-windows-x86_64
Version: 0.9
Check: installed package size
Result: NOTE
installed size is 12.2Mb
sub-directories of 1Mb or more:
java 12.1Mb
Flavors: r-devel-linux-x86_64-fedora-clang, r-prerel-macos-arm64, r-prerel-windows-x86_64, r-release-macos-arm64, r-release-macos-x86_64, r-release-windows-x86_64, r-oldrel-macos-arm64, r-oldrel-windows-x86_64
Version: 0.9
Check: dependencies in R code
Result: NOTE
Namespace in Imports field not imported from: ‘methods’
All declared Imports should be used.
Flavors: r-devel-linux-x86_64-fedora-clang, r-devel-linux-x86_64-fedora-gcc