CRAN Package Check Results for Package RMySQL

Last updated on 2022-11-25 11:50:38 CET.

Flavor Version Tinstall Tcheck Ttotal Status Flags
r-devel-linux-x86_64-debian-clang 0.10.24 8.39 41.15 49.54 OK
r-devel-linux-x86_64-debian-gcc 0.10.24 6.01 32.06 38.07 OK
r-devel-linux-x86_64-fedora-clang 0.10.24 72.47 OK
r-devel-linux-x86_64-fedora-gcc 0.10.24 70.75 OK
r-devel-windows-x86_64 0.10.24 53.00 155.00 208.00 OK
r-patched-linux-x86_64 0.10.24 OK
r-release-linux-x86_64 0.10.24 6.82 36.77 43.59 OK
r-release-macos-arm64 0.10.24 35.00 OK
r-release-macos-x86_64 0.10.24 43.00 OK
r-release-windows-x86_64 0.10.24 58.00 153.00 211.00 OK
r-oldrel-macos-arm64 0.10.24 40.00 OK
r-oldrel-macos-x86_64 0.10.24 41.00 OK
r-oldrel-windows-ix86+x86_64 0.10.24 31.00 181.00 212.00 NOTE

Check Details

Version: 0.10.24
Check: installed package size
Result: NOTE
     installed size is 6.8Mb
     sub-directories of 1Mb or more:
     libs 6.4Mb
Flavor: r-oldrel-windows-ix86+x86_64