Last updated on 2023-09-28 11:55:43 CEST.
Flavor | Version | Tinstall | Tcheck | Ttotal | Status | Flags |
---|---|---|---|---|---|---|
r-devel-linux-x86_64-debian-clang | 4.0.10 | 352.04 | 152.37 | 504.41 | OK | |
r-devel-linux-x86_64-debian-gcc | 4.0.10 | 259.76 | 119.91 | 379.67 | OK | |
r-devel-linux-x86_64-fedora-clang | 4.0.10 | 504.71 | ERROR | |||
r-devel-linux-x86_64-fedora-gcc | 4.0.10 | 778.72 | OK | |||
r-devel-windows-x86_64 | 4.0.10 | 282.00 | 236.00 | 518.00 | OK | |
r-patched-linux-x86_64 | 4.0.10 | 354.48 | 155.58 | 510.06 | OK | |
r-release-linux-x86_64 | 4.0.10 | 364.51 | 159.13 | 523.64 | OK | |
r-release-macos-arm64 | 4.0.10 | 167.00 | NOTE | |||
r-release-macos-x86_64 | 4.0.10 | 244.00 | NOTE | |||
r-release-windows-x86_64 | 4.0.10 | 365.00 | 230.00 | 595.00 | OK | |
r-oldrel-macos-arm64 | 4.0.10 | 178.00 | NOTE | |||
r-oldrel-macos-x86_64 | 4.0.10 | 231.00 | NOTE | |||
r-oldrel-windows-x86_64 | 4.0.10 | 341.00 | 222.00 | 563.00 | OK |
Version: 4.0.10
Check: whether package can be installed
Result: ERROR
Installation failed.
Flavor: r-devel-linux-x86_64-fedora-clang
Version: 4.0.10
Check: installed package size
Result: NOTE
installed size is 29.6Mb
sub-directories of 1Mb or more:
libs 29.4Mb
Flavors: r-release-macos-arm64, r-release-macos-x86_64, r-oldrel-macos-arm64, r-oldrel-macos-x86_64