CRAN Package Check Results for Package RMixtComp

Last updated on 2025-05-12 13:50:25 CEST.

Flavor Version Tinstall Tcheck Ttotal Status Flags
r-devel-linux-x86_64-debian-clang 4.1.4 7.86 160.64 168.50 NOTE
r-devel-linux-x86_64-debian-gcc 4.1.4 4.93 110.94 115.87 NOTE
r-devel-linux-x86_64-fedora-clang 4.1.4 294.96 OK
r-devel-linux-x86_64-fedora-gcc 4.1.4 288.82 OK
r-devel-windows-x86_64 4.1.4 9.00 260.00 269.00 NOTE
r-patched-linux-x86_64 4.1.4 8.50 163.88 172.38 NOTE
r-release-linux-x86_64 4.1.4 7.55 159.47 167.02 NOTE
r-release-macos-arm64 4.1.4 96.00 OK
r-release-macos-x86_64 4.1.4 180.00 OK
r-release-windows-x86_64 4.1.4 9.00 279.00 288.00 NOTE
r-oldrel-macos-arm64 4.1.4 82.00 OK
r-oldrel-macos-x86_64 4.1.4 163.00 OK
r-oldrel-windows-x86_64 4.1.4 12.00 314.00 326.00 OK

Check Details

Version: 4.1.4
Check: Rd cross-references
Result: NOTE Found the following Rd file(s) with Rd \link{} targets missing package anchors: RMixtComp-package.Rd: createAlgo, availableModels, RMixtCompUtilities-package, getBIC, getICL, getCompletedData, getParam, getProportion, getTik, getEmpiricTik, getPartition, getType, getModel, getVarNames, computeDiscrimPowerClass, computeDiscrimPowerVar, computeSimilarityClass, computeSimilarityVar, plot.MixtComp, heatmapClass, heatmapTikSorted, heatmapVar, histMisclassif, plotConvergence, plotDataBoxplot, plotDataCI, plotDiscrimClass, plotDiscrimVar, plotProportion, RMixtCompIO-package mixtCompLearn.Rd: createAlgo, availableModels, heatmapVar plot.MixtCompLearn.Rd: plotDataCI, plotDataBoxplot Please provide package anchors for all Rd \link{} targets not in the package itself and the base packages. Flavors: r-devel-linux-x86_64-debian-clang, r-devel-linux-x86_64-debian-gcc, r-devel-windows-x86_64, r-patched-linux-x86_64, r-release-linux-x86_64, r-release-windows-x86_64