Last updated on 2023-10-02 11:11:04 CEST.
Flavor | Version | Tinstall | Tcheck | Ttotal | Status | Flags |
---|---|---|---|---|---|---|
r-devel-linux-x86_64-debian-clang | 0.0.1 | 4.80 | 58.70 | 63.50 | OK | |
r-devel-linux-x86_64-debian-gcc | 0.0.1 | 3.31 | 44.29 | 47.60 | OK | |
r-devel-linux-x86_64-fedora-clang | 0.0.1 | 72.53 | NOTE | |||
r-devel-linux-x86_64-fedora-gcc | 0.0.1 | 86.27 | NOTE | |||
r-devel-windows-x86_64 | 0.0.1 | 5.00 | 63.00 | 68.00 | OK | |
r-patched-linux-x86_64 | 0.0.1 | 3.19 | 56.83 | 60.02 | OK | |
r-release-linux-x86_64 | 0.0.1 | 3.27 | 56.30 | 59.57 | OK | |
r-release-macos-arm64 | 0.0.1 | 33.00 | OK | |||
r-release-macos-x86_64 | 0.0.1 | 56.00 | OK | |||
r-release-windows-x86_64 | 0.0.1 | 7.00 | 70.00 | 77.00 | OK | |
r-oldrel-macos-arm64 | 0.0.1 | 36.00 | NOTE | |||
r-oldrel-macos-x86_64 | 0.0.1 | 38.00 | NOTE | |||
r-oldrel-windows-x86_64 | 0.0.1 | 7.00 | 72.00 | 79.00 | OK |
Version: 0.0.1
Check: dependencies in R code
Result: NOTE
Namespace in Imports field not imported from: ‘quadprog’
All declared Imports should be used.
Flavors: r-devel-linux-x86_64-fedora-clang, r-devel-linux-x86_64-fedora-gcc, r-oldrel-macos-arm64, r-oldrel-macos-x86_64