CRAN Package Check Results for Package RMSS

Last updated on 2024-04-23 10:54:15 CEST.

Flavor Version Tinstall Tcheck Ttotal Status Flags
r-devel-linux-x86_64-debian-clang 1.1.1 175.74 47.47 223.21 OK
r-devel-linux-x86_64-debian-gcc 1.1.1 133.24 37.77 171.01 OK
r-devel-linux-x86_64-fedora-clang 1.1.1 346.34 OK
r-devel-linux-x86_64-fedora-gcc 1.1.1 332.04 OK
r-prerel-macos-arm64 1.1.1 68.00 NOTE
r-prerel-windows-x86_64 1.1.1 133.00 83.00 216.00 OK
r-patched-linux-x86_64 1.1.1 167.21 50.01 217.22 OK
r-release-linux-x86_64 1.1.1 123.46 50.00 173.46 OK
r-release-macos-arm64 1.1.1 96.00 NOTE
r-release-macos-x86_64 1.1.1 84.00 NOTE
r-release-windows-x86_64 1.1.1 172.00 95.00 267.00 OK
r-oldrel-macos-arm64 1.1.1 75.00 NOTE
r-oldrel-windows-x86_64 1.1.1 161.00 93.00 254.00 OK

Check Details

Version: 1.1.1
Check: installed package size
Result: NOTE installed size is 5.9Mb sub-directories of 1Mb or more: libs 5.8Mb Flavors: r-prerel-macos-arm64, r-release-macos-arm64, r-release-macos-x86_64, r-oldrel-macos-arm64