Last updated on 2024-04-17 10:41:48 CEST.
Flavor | Version | Tinstall | Tcheck | Ttotal | Status | Flags |
---|---|---|---|---|---|---|
r-devel-linux-x86_64-debian-clang | 0.2 | 5.05 | 36.78 | 41.83 | OK | |
r-devel-linux-x86_64-debian-gcc | 0.2 | 4.67 | 27.74 | 32.41 | OK | |
r-devel-linux-x86_64-fedora-clang | 0.2 | 54.31 | NOTE | |||
r-devel-linux-x86_64-fedora-gcc | 0.2 | 51.07 | NOTE | |||
r-prerel-macos-arm64 | 0.2 | 22.00 | OK | |||
r-prerel-windows-x86_64 | 0.2 | 7.00 | 56.00 | 63.00 | OK | |
r-patched-linux-x86_64 | 0.2 | 6.23 | 36.35 | 42.58 | OK | |
r-release-linux-x86_64 | 0.2 | 5.19 | 35.73 | 40.92 | OK | |
r-release-macos-arm64 | 0.2 | 25.00 | OK | |||
r-release-macos-x86_64 | 0.2 | 26.00 | OK | |||
r-release-windows-x86_64 | 0.2 | 8.00 | 58.00 | 66.00 | OK | |
r-oldrel-macos-arm64 | 0.2 | 20.00 | OK | |||
r-oldrel-windows-x86_64 | 0.2 | 32.00 | 87.00 | 119.00 | OK |
Version: 0.2
Check: compiled code
Result: NOTE
File ‘RMKdiscrete/libs/RMKdiscrete.so’:
Found no calls to: ‘R_registerRoutines’, ‘R_useDynamicSymbols’
It is good practice to register native routines and to disable symbol
search.
See ‘Writing portable packages’ in the ‘Writing R Extensions’ manual.
Flavors: r-devel-linux-x86_64-fedora-clang, r-devel-linux-x86_64-fedora-gcc