Last updated on 2024-03-28 09:51:55 CET.
Flavor | Version | Tinstall | Tcheck | Ttotal | Status | Flags |
---|---|---|---|---|---|---|
r-devel-linux-x86_64-debian-clang | 0.2.6 | 9.96 | 100.23 | 110.19 | OK | |
r-devel-linux-x86_64-debian-gcc | 0.2.6 | 9.05 | 73.50 | 82.55 | OK | |
r-devel-linux-x86_64-fedora-clang | 0.2.6 | 127.41 | NOTE | |||
r-devel-linux-x86_64-fedora-gcc | 0.2.6 | 112.28 | OK | |||
r-devel-windows-x86_64 | 0.2.6 | 11.00 | 90.00 | 101.00 | NOTE | |
r-patched-linux-x86_64 | 0.2.6 | 13.82 | 96.14 | 109.96 | OK | |
r-release-linux-x86_64 | 0.2.6 | 11.47 | 95.18 | 106.65 | OK | |
r-release-macos-arm64 | 0.2.6 | 50.00 | NOTE | |||
r-release-macos-x86_64 | 0.2.6 | 107.00 | NOTE | |||
r-release-windows-x86_64 | 0.2.6 | 18.00 | 107.00 | 125.00 | NOTE | |
r-oldrel-macos-arm64 | 0.2.6 | 46.00 | NOTE | |||
r-oldrel-windows-x86_64 | 0.2.6 | 16.00 | 102.00 | 118.00 | NOTE |
Version: 0.2.6
Check: installed package size
Result: NOTE
installed size is 5.1Mb
sub-directories of 1Mb or more:
java 4.2Mb
Flavors: r-devel-linux-x86_64-fedora-clang, r-devel-windows-x86_64, r-release-macos-arm64, r-release-macos-x86_64, r-release-windows-x86_64, r-oldrel-macos-arm64, r-oldrel-windows-x86_64