CRAN Package Check Results for Package RImagePalette

Last updated on 2022-06-27 11:50:53 CEST.

Flavor Version Tinstall Tcheck Ttotal Status Flags
r-devel-linux-x86_64-debian-clang 0.1.1 5.61 53.68 59.29 NOTE
r-devel-linux-x86_64-debian-gcc 0.1.1 4.38 39.75 44.13 NOTE
r-devel-linux-x86_64-fedora-clang 0.1.1 80.56 NOTE
r-devel-linux-x86_64-fedora-gcc 0.1.1 82.44 NOTE
r-devel-windows-x86_64 0.1.1 25.00 74.00 99.00 NOTE
r-patched-linux-x86_64 0.1.1 4.95 50.79 55.74 NOTE
r-release-linux-x86_64 0.1.1 5.22 50.17 55.39 NOTE
r-release-macos-arm64 0.1.1 22.00 NOTE
r-release-macos-x86_64 0.1.1 49.00 NOTE
r-release-windows-x86_64 0.1.1 25.00 80.00 105.00 NOTE
r-oldrel-macos-arm64 0.1.1 27.00 NOTE
r-oldrel-macos-x86_64 0.1.1 38.00 NOTE
r-oldrel-windows-ix86+x86_64 0.1.1 14.00 72.00 86.00 NOTE

Check Details

Version: 0.1.1
Check: LazyData
Result: NOTE
     'LazyData' is specified without a 'data' directory
Flavors: r-devel-linux-x86_64-debian-clang, r-devel-linux-x86_64-debian-gcc, r-devel-linux-x86_64-fedora-clang, r-devel-linux-x86_64-fedora-gcc, r-devel-windows-x86_64, r-patched-linux-x86_64, r-release-linux-x86_64, r-release-macos-arm64, r-release-macos-x86_64, r-release-windows-x86_64, r-oldrel-macos-arm64, r-oldrel-macos-x86_64, r-oldrel-windows-ix86+x86_64