CRAN Package Check Results for Package RI2by2

Last updated on 2022-07-05 11:50:02 CEST.

Flavor Version Tinstall Tcheck Ttotal Status Flags
r-devel-linux-x86_64-debian-clang 1.3 20.66 34.31 54.97 OK
r-devel-linux-x86_64-debian-gcc 1.3 16.50 27.26 43.76 OK
r-devel-linux-x86_64-fedora-clang 1.3 85.43 WARN
r-devel-linux-x86_64-fedora-gcc 1.3 79.31 WARN
r-devel-windows-x86_64 1.3 26.00 85.00 111.00 OK
r-patched-linux-x86_64 1.3 17.00 33.46 50.46 OK
r-release-linux-x86_64 1.3 18.21 34.67 52.88 OK
r-release-macos-arm64 1.3 22.00 OK
r-release-macos-x86_64 1.3 34.00 OK
r-release-windows-x86_64 1.3 24.00 87.00 111.00 OK
r-oldrel-macos-arm64 1.3 26.00 OK
r-oldrel-macos-x86_64 1.3 47.00 OK
r-oldrel-windows-ix86+x86_64 1.3 49.00 92.00 141.00 OK

Check Details

Version: 1.3
Check: package dependencies
Result: WARN
    Requires orphaned package: ‘gtools’
Flavors: r-devel-linux-x86_64-fedora-clang, r-devel-linux-x86_64-fedora-gcc

Version: 1.3
Check: compiled code
Result: NOTE
    File ‘RI2by2/libs/RI2by2.so’:
     Found no calls to: ‘R_registerRoutines’, ‘R_useDynamicSymbols’
    
    It is good practice to register native routines and to disable symbol
    search.
    
    See ‘Writing portable packages’ in the ‘Writing R Extensions’ manual.
Flavors: r-devel-linux-x86_64-fedora-clang, r-devel-linux-x86_64-fedora-gcc