CRAN Package Check Results for Package RGoogleFit

Last updated on 2022-06-26 11:52:42 CEST.

Flavor Version Tinstall Tcheck Ttotal Status Flags
r-devel-linux-x86_64-debian-clang 0.4.0 2.41 33.64 36.05 NOTE
r-devel-linux-x86_64-debian-gcc 0.4.0 2.55 25.89 28.44 NOTE
r-devel-linux-x86_64-fedora-clang 0.4.0 54.25 NOTE
r-devel-linux-x86_64-fedora-gcc 0.4.0 56.66 NOTE
r-devel-windows-x86_64 0.4.0 11.00 57.00 68.00 NOTE
r-patched-linux-x86_64 0.4.0 3.41 31.95 35.36 NOTE
r-release-linux-x86_64 0.4.0 3.40 31.82 35.22 NOTE
r-release-macos-arm64 0.4.0 19.00 NOTE
r-release-macos-x86_64 0.4.0 26.00 NOTE
r-release-windows-x86_64 0.4.0 11.00 60.00 71.00 NOTE
r-oldrel-macos-arm64 0.4.0 22.00 NOTE
r-oldrel-macos-x86_64 0.4.0 29.00 NOTE
r-oldrel-windows-ix86+x86_64 0.4.0 8.00 50.00 58.00 NOTE

Check Details

Version: 0.4.0
Check: LazyData
Result: NOTE
     'LazyData' is specified without a 'data' directory
Flavors: r-devel-linux-x86_64-debian-clang, r-devel-linux-x86_64-debian-gcc, r-devel-linux-x86_64-fedora-clang, r-devel-linux-x86_64-fedora-gcc, r-devel-windows-x86_64, r-patched-linux-x86_64, r-release-linux-x86_64, r-release-macos-arm64, r-release-macos-x86_64, r-release-windows-x86_64, r-oldrel-macos-arm64, r-oldrel-macos-x86_64, r-oldrel-windows-ix86+x86_64