CRAN Package Check Results for Package RGCxGC

Last updated on 2024-02-20 12:55:14 CET.

Flavor Version Tinstall Tcheck Ttotal Status Flags
r-devel-linux-x86_64-debian-clang 1.2.0 OK
r-devel-linux-x86_64-debian-gcc 1.2.0 7.80 93.09 100.89 OK
r-devel-linux-x86_64-fedora-clang 1.2.0 167.68 NOTE
r-devel-linux-x86_64-fedora-gcc 1.2.0 179.59 OK
r-devel-windows-x86_64 1.2.0 10.00 123.00 133.00 NOTE
r-patched-linux-x86_64 1.2.0 8.21 128.21 136.42 OK
r-release-linux-x86_64 1.2.0 9.81 130.25 140.06 OK
r-release-macos-arm64 1.2.0 64.00 NOTE
r-release-macos-x86_64 1.2.0 100.00 NOTE
r-release-windows-x86_64 1.2.0 12.00 149.00 161.00 NOTE
r-oldrel-macos-arm64 1.2.0 63.00 NOTE
r-oldrel-windows-x86_64 1.2.0 13.00 151.00 164.00 NOTE

Check Details

Version: 1.2.0
Check: installed package size
Result: NOTE installed size is 5.4Mb sub-directories of 1Mb or more: data 1.9Mb doc 1.2Mb extdata 1.9Mb Flavors: r-devel-linux-x86_64-fedora-clang, r-devel-windows-x86_64, r-release-macos-arm64, r-release-macos-x86_64, r-release-windows-x86_64, r-oldrel-macos-arm64, r-oldrel-windows-x86_64