CRAN Package Check Results for Package RFormatter

Last updated on 2024-04-12 12:53:42 CEST.

Flavor Version Tinstall Tcheck Ttotal Status Flags
r-devel-linux-x86_64-debian-clang 0.1.1 1.77 22.71 24.48 NOTE
r-devel-linux-x86_64-debian-gcc 0.1.1 1.59 17.77 19.36 NOTE
r-devel-linux-x86_64-fedora-clang 0.1.1 30.74 NOTE
r-devel-linux-x86_64-fedora-gcc 0.1.1 29.66 NOTE
r-devel-windows-x86_64 0.1.1 3.00 38.00 41.00 NOTE
r-patched-linux-x86_64 0.1.1 1.82 22.23 24.05 NOTE
r-release-linux-x86_64 0.1.1 1.97 22.62 24.59 NOTE
r-release-macos-arm64 0.1.1 14.00 NOTE
r-release-macos-x86_64 0.1.1 20.00 NOTE
r-release-windows-x86_64 0.1.1 2.00 38.00 40.00 NOTE
r-oldrel-macos-arm64 0.1.1 15.00 NOTE
r-oldrel-windows-x86_64 0.1.1 4.00 43.00 47.00 NOTE

Check Details

Version: 0.1.1
Check: LazyData
Result: NOTE 'LazyData' is specified without a 'data' directory Flavors: r-devel-linux-x86_64-debian-clang, r-devel-linux-x86_64-debian-gcc, r-devel-linux-x86_64-fedora-clang, r-devel-linux-x86_64-fedora-gcc, r-devel-windows-x86_64, r-patched-linux-x86_64, r-release-linux-x86_64, r-release-macos-arm64, r-release-macos-x86_64, r-release-windows-x86_64, r-oldrel-macos-arm64, r-oldrel-windows-x86_64