CRAN Package Check Results for Package REndo

Last updated on 2024-02-25 10:54:35 CET.

Flavor Version Tinstall Tcheck Ttotal Status Flags
r-devel-linux-x86_64-debian-clang 2.4.9 37.68 296.64 334.32 NOTE
r-devel-linux-x86_64-debian-gcc 2.4.9 30.06 226.26 256.32 NOTE
r-devel-linux-x86_64-fedora-clang 2.4.9 436.71 NOTE
r-devel-linux-x86_64-fedora-gcc 2.4.9 438.80 NOTE
r-devel-windows-x86_64 2.4.9 34.00 278.00 312.00 OK
r-patched-linux-x86_64 2.4.9 27.81 291.49 319.30 OK
r-release-linux-x86_64 2.4.9 35.39 290.98 326.37 OK
r-release-macos-arm64 2.4.9 112.00 OK
r-release-macos-x86_64 2.4.9 189.00 OK
r-release-windows-x86_64 2.4.9 44.00 358.00 402.00 OK
r-oldrel-macos-arm64 2.4.9 108.00 OK
r-oldrel-windows-x86_64 2.4.9 41.00 333.00 374.00 OK

Check Details

Version: 2.4.9
Check: Rd files
Result: NOTE checkRd: (-1) REndo.Rd:19: Lost braces in \itemize; meant \describe ? checkRd: (-1) REndo.Rd:20: Lost braces in \itemize; meant \describe ? checkRd: (-1) REndo.Rd:21: Lost braces in \itemize; meant \describe ? checkRd: (-1) REndo.Rd:22: Lost braces in \itemize; meant \describe ? checkRd: (-1) REndo.Rd:23: Lost braces in \itemize; meant \describe ? Flavors: r-devel-linux-x86_64-debian-clang, r-devel-linux-x86_64-debian-gcc, r-devel-linux-x86_64-fedora-clang, r-devel-linux-x86_64-fedora-gcc