Last updated on 2025-04-29 12:52:47 CEST.
Flavor | Version | Tinstall | Tcheck | Ttotal | Status | Flags |
---|---|---|---|---|---|---|
r-devel-linux-x86_64-debian-clang | 1.3 | 2.02 | 18.86 | 20.88 | NOTE | |
r-devel-linux-x86_64-debian-gcc | 1.3 | 1.61 | 15.48 | 17.09 | NOTE | |
r-devel-linux-x86_64-fedora-clang | 1.3 | 32.63 | OK | |||
r-devel-linux-x86_64-fedora-gcc | 1.3 | 31.10 | OK | |||
r-devel-windows-x86_64 | 1.3 | 3.00 | 45.00 | 48.00 | OK | |
r-patched-linux-x86_64 | 1.3 | 2.15 | 18.17 | 20.32 | OK | |
r-release-linux-x86_64 | 1.3 | 1.75 | 18.25 | 20.00 | OK | |
r-release-macos-arm64 | 1.3 | 14.00 | OK | |||
r-release-macos-x86_64 | 1.3 | 24.00 | OK | |||
r-release-windows-x86_64 | 1.3 | 3.00 | 47.00 | 50.00 | OK | |
r-oldrel-macos-arm64 | 1.3 | 14.00 | OK | |||
r-oldrel-macos-x86_64 | 1.3 | 21.00 | OK | |||
r-oldrel-windows-x86_64 | 1.3 | 3.00 | 44.00 | 47.00 | OK |
Version: 1.3
Check: CRAN incoming feasibility
Result: NOTE
Maintainer: ‘Ben Waxer <bwaxer@auriq.com>’
No Authors@R field in DESCRIPTION.
Please add one, modifying
Authors@R: person(given = "Ben",
family = "Waxer",
role = c("aut", "cre"),
email = "bwaxer@auriq.com")
as necessary.
The Description field contains
http://www.auriq.com/documentation/source/install/index.html.
Please enclose URLs in angle brackets (<...>).
Flavors: r-devel-linux-x86_64-debian-clang, r-devel-linux-x86_64-debian-gcc