Last updated on 2023-09-22 12:56:37 CEST.
Flavor | Version | Tinstall | Tcheck | Ttotal | Status | Flags |
---|---|---|---|---|---|---|
r-devel-linux-x86_64-debian-clang | 0.7.0 | 5.44 | 77.71 | 83.15 | OK | |
r-devel-linux-x86_64-debian-gcc | 0.7.0 | 5.36 | 57.71 | 63.07 | OK | |
r-devel-linux-x86_64-fedora-clang | 0.7.0 | 100.89 | NOTE | |||
r-devel-linux-x86_64-fedora-gcc | 0.7.0 | 113.05 | NOTE | |||
r-devel-windows-x86_64 | 0.7.0 | 6.00 | 74.00 | 80.00 | OK | |
r-patched-linux-x86_64 | 0.7.0 | 5.31 | 73.94 | 79.25 | OK | |
r-release-linux-x86_64 | 0.7.0 | 4.34 | 73.33 | 77.67 | OK | |
r-release-macos-arm64 | 0.7.0 | 39.00 | OK | |||
r-release-macos-x86_64 | 0.7.0 | 80.00 | OK | |||
r-release-windows-x86_64 | 0.7.0 | 9.00 | 90.00 | 99.00 | OK | |
r-oldrel-macos-arm64 | 0.7.0 | 39.00 | OK | |||
r-oldrel-macos-x86_64 | 0.7.0 | 49.00 | OK | |||
r-oldrel-windows-x86_64 | 0.7.0 | 8.00 | 90.00 | 98.00 | OK |
Version: 0.7.0
Check: data for non-ASCII characters
Result: NOTE
Note: found 1 marked UTF-8 string
Flavors: r-devel-linux-x86_64-fedora-clang, r-devel-linux-x86_64-fedora-gcc