Last updated on 2024-03-28 09:51:54 CET.
Flavor | Version | Tinstall | Tcheck | Ttotal | Status | Flags |
---|---|---|---|---|---|---|
r-devel-linux-x86_64-debian-clang | 0.9.8 | 8.11 | 108.51 | 116.62 | OK | |
r-devel-linux-x86_64-debian-gcc | 0.9.8 | 6.83 | 84.77 | 91.60 | OK | |
r-devel-linux-x86_64-fedora-clang | 0.9.8 | 146.60 | NOTE | |||
r-devel-linux-x86_64-fedora-gcc | 0.9.8 | 155.92 | NOTE | |||
r-devel-windows-x86_64 | 0.9.8 | 9.00 | 98.00 | 107.00 | OK | |
r-patched-linux-x86_64 | 0.9.8 | 7.69 | 109.14 | 116.83 | OK | |
r-release-linux-x86_64 | 0.9.8 | 6.98 | 106.20 | 113.18 | OK | |
r-release-macos-arm64 | 0.9.8 | 60.00 | OK | |||
r-release-macos-x86_64 | 0.9.8 | 120.00 | OK | |||
r-release-windows-x86_64 | 0.9.8 | 11.00 | 120.00 | 131.00 | OK | |
r-oldrel-macos-arm64 | 0.9.8 | 65.00 | OK | |||
r-oldrel-windows-x86_64 | 0.9.8 | 12.00 | 130.00 | 142.00 | OK |
Version: 0.9.8
Check: data for non-ASCII characters
Result: NOTE
Note: found 1 marked UTF-8 string
Flavors: r-devel-linux-x86_64-fedora-clang, r-devel-linux-x86_64-fedora-gcc