Last updated on 2024-04-19 11:56:58 CEST.
Flavor | Version | Tinstall | Tcheck | Ttotal | Status | Flags |
---|---|---|---|---|---|---|
r-devel-linux-x86_64-debian-clang | 0.1.6 | 1.61 | 34.98 | 36.59 | NOTE | |
r-devel-linux-x86_64-debian-gcc | 0.1.6 | NOTE | ||||
r-devel-linux-x86_64-fedora-clang | 0.1.6 | 47.65 | NOTE | |||
r-devel-linux-x86_64-fedora-gcc | 0.1.6 | 56.77 | NOTE | |||
r-prerel-macos-arm64 | 0.1.6 | 26.00 | NOTE | |||
r-prerel-windows-x86_64 | 0.1.6 | 3.00 | 55.00 | 58.00 | NOTE | |
r-patched-linux-x86_64 | 0.1.6 | 3.41 | 33.06 | 36.47 | NOTE | |
r-release-linux-x86_64 | 0.1.6 | 1.65 | 32.40 | 34.05 | NOTE | |
r-release-macos-arm64 | 0.1.6 | 27.00 | NOTE | |||
r-release-macos-x86_64 | 0.1.6 | 33.00 | NOTE | |||
r-release-windows-x86_64 | 0.1.6 | 4.00 | 57.00 | 61.00 | NOTE | |
r-oldrel-macos-arm64 | 0.1.6 | 20.00 | NOTE | |||
r-oldrel-windows-x86_64 | 0.1.6 | 4.00 | 58.00 | 62.00 | NOTE |
Version: 0.1.6
Check: LazyData
Result: NOTE
'LazyData' is specified without a 'data' directory
Flavors: r-devel-linux-x86_64-debian-clang, r-devel-linux-x86_64-debian-gcc, r-devel-linux-x86_64-fedora-clang, r-devel-linux-x86_64-fedora-gcc, r-prerel-macos-arm64, r-prerel-windows-x86_64, r-patched-linux-x86_64, r-release-linux-x86_64, r-release-macos-arm64, r-release-macos-x86_64, r-release-windows-x86_64, r-oldrel-macos-arm64, r-oldrel-windows-x86_64