Last updated on 2024-03-28 09:51:54 CET.
Flavor | Version | Tinstall | Tcheck | Ttotal | Status | Flags |
---|---|---|---|---|---|---|
r-devel-linux-x86_64-debian-clang | 0.6.9 | 124.24 | 68.41 | 192.65 | OK | |
r-devel-linux-x86_64-debian-gcc | 0.6.9 | 106.13 | 51.91 | 158.04 | OK | |
r-devel-linux-x86_64-fedora-clang | 0.6.9 | 313.31 | OK | |||
r-devel-linux-x86_64-fedora-gcc | 0.6.9 | 291.17 | OK | |||
r-devel-windows-x86_64 | 0.6.9 | 116.00 | 97.00 | 213.00 | OK | |
r-patched-linux-x86_64 | 0.6.9 | 103.68 | 65.34 | 169.02 | OK | |
r-release-linux-x86_64 | 0.6.9 | 92.04 | 66.43 | 158.47 | OK | |
r-release-macos-arm64 | 0.6.9 | 75.00 | NOTE | |||
r-release-macos-x86_64 | 0.6.9 | 101.00 | NOTE | |||
r-release-windows-x86_64 | 0.6.9 | 149.00 | 112.00 | 261.00 | OK | |
r-oldrel-macos-arm64 | 0.6.9 | 74.00 | NOTE | |||
r-oldrel-windows-x86_64 | 0.6.9 | 130.00 | 109.00 | 239.00 | OK |
Version: 0.6.9
Check: installed package size
Result: NOTE
installed size is 13.4Mb
sub-directories of 1Mb or more:
libs 13.1Mb
Flavors: r-release-macos-arm64, r-release-macos-x86_64, r-oldrel-macos-arm64